{"id":314,"date":"2024-08-24T15:43:26","date_gmt":"2024-08-24T15:43:26","guid":{"rendered":"https:\/\/atsaero.ma\/lifaaxis\/?page_id=314"},"modified":"2024-10-02T21:43:34","modified_gmt":"2024-10-02T21:43:34","slug":"inspection-controle-qualite-chine","status":"publish","type":"page","link":"https:\/\/atsaero.ma\/lifaaxis\/inspection-controle-qualite-chine\/","title":{"rendered":"Inspection &#038; Contr\u00f4le Qualit\u00e9 en Chine"},"content":{"rendered":"<div class=\"wpb-content-wrapper\"><p>[vc_row full_width=\u00a0\u00bbstretch_row\u00a0\u00bb el_class=\u00a0\u00bbparangee1 parangeepad\u00a0\u00bb][vc_column][vc_column_text el_class=\u00a0\u00bbgrandtitreh2&Prime;]<\/p>\n<h2 style=\"text-align: center;\">Inspection &amp; Contr\u00f4le Qualit\u00e9 en Chine<\/h2>\n<p>[\/vc_column_text][vc_column_text el_class=\u00a0\u00bbtextegrandtitreslider\u00a0\u00bb]<\/p>\n<p style=\"text-align: center;\">Chez Lifa Axis, nous savons que les contr\u00f4les de qualit\u00e9 sont essentiels, mais nous croyons que l\u2019Inspecteur du <strong>Contr\u00f4le Qualit\u00e9<\/strong> l\u2019est encore plus, notamment pour nos clients au <strong>Maroc<\/strong> et en <strong>Chine<\/strong>. C\u2019est pourquoi tous nos inspecteurs sont des employ\u00e9s \u00e0 plein temps, garantissant ainsi un niveau de rigueur et de professionnalisme in\u00e9gal\u00e9 dans chaque \u00e9tape du processus.<\/p>\n<p>[\/vc_column_text][vc_single_image image=\u00a0\u00bb142&Prime; img_size=\u00a0\u00bbfull\u00a0\u00bb alignment=\u00a0\u00bbcenter\u00a0\u00bb onclick=\u00a0\u00bbcustom_link\u00a0\u00bb link=\u00a0\u00bbhttps:\/\/atsaero.ma\/lifaaxis\/demander-un-devis\/\u00a0\u00bb][\/vc_column][\/vc_row][vc_row full_width=\u00a0\u00bbstretch_row\u00a0\u00bb gap=\u00a0\u00bb35&Prime; equal_height=\u00a0\u00bbyes\u00a0\u00bb content_placement=\u00a0\u00bbmiddle\u00a0\u00bb css=\u00a0\u00bb.vc_custom_1724505024794{background-color: #204957 !important;}\u00a0\u00bb el_class=\u00a0\u00bbparangeepad bgblueworld padzerobottom\u00a0\u00bb][vc_column width=\u00a0\u00bb1\/2&Prime;][vc_column_text el_class=\u00a0\u00bbgrandtitreh2&Prime;]<\/p>\n<h2 class=\"white\" style=\"text-align: left;\">R\u00e9duisez les Risques de Fabrication en Chine avec l&rsquo;Inspection et le Contr\u00f4le Qualit\u00e9<\/h2>\n<p>[\/vc_column_text][vc_column_text el_class=\u00a0\u00bbtextegrandtitreslider white\u00a0\u00bb]<\/p>\n<p style=\"text-align: left;\">Importer de <strong>Chine<\/strong> est un processus d\u00e9licat : une fois les marchandises export\u00e9es, elles ne peuvent pas \u00eatre renvoy\u00e9es en cas de d\u00e9faut de qualit\u00e9. Cela signifie que toute \u00ab erreur de qualit\u00e9 \u00bb commise par l\u2019usine est \u00e0 votre charge en tant qu\u2019importateur. Pour nos clients au <strong>Maroc<\/strong>, le meilleur moment pour d\u00e9tecter les probl\u00e8mes de qualit\u00e9 est donc lorsque les produits sont encore \u00e0 l\u2019usine en <strong>Chine<\/strong>. Identifier et corriger les d\u00e9fauts sur place peut permettre d\u2019\u00e9viter des co\u00fbts suppl\u00e9mentaires pour votre entreprise. C\u2019est pourquoi le contr\u00f4le qualit\u00e9 de toutes les exp\u00e9ditions est crucial pour toute entreprise qui importe de <strong>Chine<\/strong>.<\/p>\n<p>[\/vc_column_text][vc_single_image image=\u00a0\u00bb142&Prime; img_size=\u00a0\u00bbfull\u00a0\u00bb onclick=\u00a0\u00bbcustom_link\u00a0\u00bb link=\u00a0\u00bbhttps:\/\/atsaero.ma\/lifaaxis\/demander-un-devis\/\u00a0\u00bb][\/vc_column][vc_column width=\u00a0\u00bb1\/2&Prime;][vc_single_image image=\u00a0\u00bb319&Prime; img_size=\u00a0\u00bbfull\u00a0\u00bb alignment=\u00a0\u00bbcenter\u00a0\u00bb el_class=\u00a0\u00bbimgrangeebleumrg\u00a0\u00bb][vc_single_image image=\u00a0\u00bb256&Prime; img_size=\u00a0\u00bbfull\u00a0\u00bb alignment=\u00a0\u00bbcenter\u00a0\u00bb el_class=\u00a0\u00bbimgrangeebleumrg\u00a0\u00bb][\/vc_column][\/vc_row][vc_row full_width=\u00a0\u00bbstretch_row\u00a0\u00bb gap=\u00a0\u00bb35&Prime; disable_element=\u00a0\u00bbyes\u00a0\u00bb css=\u00a0\u00bb.vc_custom_1724505013362{background-color: #204957 !important;}\u00a0\u00bb el_class=\u00a0\u00bbparangeepad\u00a0\u00bb][vc_column][vc_column_text el_class=\u00a0\u00bbgrandtitreh2&Prime;]<\/p>\n<h2 class=\"white mrgbottomh2\" style=\"text-align: center;\">Trouver le Meilleur Fabricant ou Marchand pour vos Produits Chinois<\/h2>\n<p>[\/vc_column_text][vc_column_text el_class=\u00a0\u00bbtextegrandtitreslider white\u00a0\u00bb]<\/p>\n<p style=\"text-align: center;\">Avec Diwanati, nous savons qu&rsquo;aucun contr\u00f4le de qualit\u00e9 ou gestion d&rsquo;usine ne peut transformer une mauvaise usine, produisant une qualit\u00e9 inf\u00e9rieure \u00e0 la moyenne, en une bonne usine. Cela ne se produit tout simplement pas.<\/p>\n<p style=\"text-align: center;\">\u00c0 moins que vous ne trouviez d\u00e8s le premier jour le bon fabricant ou le bon marchand pour le produit que vous importez, vos chances de succ\u00e8s seront s\u00e9v\u00e8rement limit\u00e9es.<\/p>\n<p style=\"text-align: center;\">Avec Diwanati, nous savons que pour trouver le bon fournisseur, il faut trouver un fabricant ou un marchand capable, \u00e9thique, exp\u00e9riment\u00e9, qui conna\u00eet votre march\u00e9, qui a la capacit\u00e9, qui peut respecter vos prix et qui appr\u00e9cie \u00e9galement votre activit\u00e9. R\u00e9unir tous ces \u00e9l\u00e9ments n&rsquo;est pas facile.<\/p>\n<p>[\/vc_column_text][vc_empty_space height=\u00a0\u00bb90px\u00a0\u00bb el_class=\u00a0\u00bbdspmobilenone2&Prime;][vc_empty_space height=\u00a0\u00bb10px\u00a0\u00bb][\/vc_column][\/vc_row][vc_row disable_element=\u00a0\u00bbyes\u00a0\u00bb el_class=\u00a0\u00bbrangeepaphoto\u00a0\u00bb][vc_column width=\u00a0\u00bb1\/12&Prime;][\/vc_column][vc_column width=\u00a0\u00bb10\/12&Prime;][vc_single_image image=\u00a0\u00bb238&Prime; img_size=\u00a0\u00bbfull\u00a0\u00bb alignment=\u00a0\u00bbcenter\u00a0\u00bb][\/vc_column][vc_column width=\u00a0\u00bb1\/12&Prime;][\/vc_column][\/vc_row][vc_row full_width=\u00a0\u00bbstretch_row\u00a0\u00bb gap=\u00a0\u00bb35&Prime; equal_height=\u00a0\u00bbyes\u00a0\u00bb content_placement=\u00a0\u00bbmiddle\u00a0\u00bb el_class=\u00a0\u00bbparangeepad bgpictoavion mrgrangeetopforimage\u00a0\u00bb][vc_column width=\u00a0\u00bb1\/2&Prime;][vc_column_text el_class=\u00a0\u00bbgrandtitreh2&Prime;]<\/p>\n<h2 style=\"text-align: left;\">Des Experts en Inspection Qualit\u00e9 \u00e0 Votre Service<\/h2>\n<p>[\/vc_column_text][vc_column_text el_class=\u00a0\u00bbtextegrandtitreslider\u00a0\u00bb]<\/p>\n<p style=\"text-align: left;\">Les entreprises et entrepreneurs <strong>africains<\/strong>, notamment ceux du <strong>Maroc<\/strong>, qui importent de <strong>Chine<\/strong> s\u2019inqui\u00e8tent souvent des risques associ\u00e9s \u00e0 ce processus. Pourtant, la majorit\u00e9 de ces risques peut \u00eatre minimis\u00e9e en appliquant les bonnes pratiques de contr\u00f4le qualit\u00e9 d\u00e8s le d\u00e9but.<\/p>\n<p>[\/vc_column_text][vc_raw_html]JTNDZGl2JTIwY2xhc3MlM0QlMjJjb250ZW51YXZlY2ljb25lJTIyJTNFJTBBJTNDZGl2JTIwY2xhc3MlM0QlMjJjb2xjb250ZW51YXZlY2ljb25lMSUyMiUzRSUzQ2ltZyUyMHNyYyUzRCUyMmh0dHBzJTNBJTJGJTJGYXRzYWVyby5tYSUyRmxpZmFheGlzJTJGd3AtY29udGVudCUyRnVwbG9hZHMlMkYyMDI0JTJGMDglMkZQcm9jZWR1cmUtUmlnb3VyZXVzZS5zdmclMjIlMkYlM0UlM0MlMkZkaXYlM0UlMEElM0NkaXYlMjBjbGFzcyUzRCUyMmNvbGNvbnRlbnVhdmVjaWNvbmUyJTIyJTNFJTBBJTNDc3BhbiUyMGNsYXNzJTNEJTIydGl0cmVjb250ZW51YXZlY2ljb25lJTIyJTNFUHJvYyVDMyVBOWR1cmUlMjBSaWdvdXJldXNlJTNDJTJGc3BhbiUzRSUzQyUyRmJyJTNFJTBBJTNDZGl2JTIwY2xhc3MlM0QlMjJjb250ZW51dGV4dGNvbnRlbnVhdmVjaWNvbmUlMjIlM0VBdWRpdCUyMGRlcyUyMGZhYnJpY2FudHMlMkMlMjBhc3N1cmFuY2UlMjBxdWFsaXQlQzMlQTklMjBwciVDMyVBOS1wcm9kdWN0aW9uJTJDJTIwaW5zcGVjdGlvbnMlMjBlbiUyMGNvdXJzJTIwZGUlMjBwcm9kdWN0aW9uJTJDJTIwY29udHIlQzMlQjRsZXMlMjBhdmFudCUyMGV4cCVDMyVBOWRpdGlvbiUyQyUyMGV0JTIwdiVDMyVBOXJpZmljYXRpb24lMjBkdSUyMGNoYXJnZW1lbnQlMjBkZXMlMjBjb250ZW5ldXJzLiUzQyUyRmRpdiUzRSUzQyUyRmRpdiUzRSUwQSUzQyUyRmRpdiUzRQ==[\/vc_raw_html][vc_raw_html]JTNDZGl2JTIwY2xhc3MlM0QlMjJjb250ZW51YXZlY2ljb25lJTIyJTNFJTBBJTNDZGl2JTIwY2xhc3MlM0QlMjJjb2xjb250ZW51YXZlY2ljb25lMSUyMiUzRSUzQ2ltZyUyMHNyYyUzRCUyMmh0dHBzJTNBJTJGJTJGYXRzYWVyby5tYSUyRmxpZmFheGlzJTJGd3AtY29udGVudCUyRnVwbG9hZHMlMkYyMDI0JTJGMDglMkZJbnNwZWN0ZXVycy1RdWFsaXRlLWRlLUhhdXQtTml2ZWF1LnN2ZyUyMiUyRiUzRSUzQyUyRmRpdiUzRSUwQSUzQ2RpdiUyMGNsYXNzJTNEJTIyY29sY29udGVudWF2ZWNpY29uZTIlMjIlM0UlMEElM0NzcGFuJTIwY2xhc3MlM0QlMjJ0aXRyZWNvbnRlbnVhdmVjaWNvbmUlMjIlM0VJbnNwZWN0ZXVycyUyMFF1YWxpdCVDMyVBOSUyMGRlJTIwSGF1dCUyME5pdmVhdSUwQSUzQyUyRnNwYW4lM0UlM0MlMkZiciUzRSUwQSUzQ2RpdiUyMGNsYXNzJTNEJTIyY29udGVudXRleHRjb250ZW51YXZlY2ljb25lJTIyJTNFQ2hhcXVlJTIwJUMzJUE5dGFwZSUyMGVzdCUyMGVmZmVjdHUlQzMlQTllJTIwcGFyJTIwbm90cmUlMjAlQzMlQTlxdWlwZSUyMGQlMjdpbnNwZWN0ZXVycyUyMHF1YWxpdCVDMyVBOSUyMGhhdXRlbWVudCUyMGV4cCVDMyVBOXJpbWVudCVDMyVBOXMlMkMlMjBhc3N1cmFudCUyMCVDMyVBMCUyMG5vcyUyMGNsaWVudHMlMjB1bmUlMjBpbXBvcnRhdGlvbiUyMGRlJTIwQ2hpbmUlMjB2ZXJzJTIwbCUyN0FmcmlxdWUlMjBhdmVjJTIwdW4lMjByaXNxdWUlMjBtaW5pbWFsJTIwJTIxJTNDJTJGZGl2JTNFJTNDJTJGZGl2JTNFJTBBJTNDJTJGZGl2JTNF[\/vc_raw_html][vc_single_image image=\u00a0\u00bb142&Prime; img_size=\u00a0\u00bbfull\u00a0\u00bb onclick=\u00a0\u00bbcustom_link\u00a0\u00bb link=\u00a0\u00bbhttps:\/\/atsaero.ma\/lifaaxis\/demander-un-devis\/\u00a0\u00bb][\/vc_column][vc_column width=\u00a0\u00bb1\/2&Prime;][vc_single_image image=\u00a0\u00bb589&Prime; img_size=\u00a0\u00bbfull\u00a0\u00bb alignment=\u00a0\u00bbcenter\u00a0\u00bb][\/vc_column][\/vc_row][vc_row full_width=\u00a0\u00bbstretch_row\u00a0\u00bb gap=\u00a0\u00bb35&Prime; css=\u00a0\u00bb.vc_custom_1724428180902{background-color: #204957 !important;}\u00a0\u00bb el_class=\u00a0\u00bbparangeepad bgbleuavecbateau\u00a0\u00bb][vc_column width=\u00a0\u00bb1\/4&Prime; el_class=\u00a0\u00bbdspnonemobile2&Prime;][\/vc_column][vc_column width=\u00a0\u00bb3\/4&Prime;][vc_column_text el_class=\u00a0\u00bbgrandtitreh2&Prime;]<\/p>\n<h2 class=\"white\" style=\"text-align: left;\">Notre inspection de Contr\u00f4le de la Qualit\u00e9<\/h2>\n<p>[\/vc_column_text][vc_tta_accordion][vc_tta_section title=\u00a0\u00bbAssurance Qualit\u00e9\u00a0\u00bb tab_id=\u00a0\u00bb1724429198636-5d66bc64-5a96&Prime;][vc_column_text]Nous contr\u00f4lons le produit, l&rsquo;assemblage, l&#8217;emballage et le manuel d&rsquo;instructions AVANT la production pour pr\u00e9venir les erreurs en masse.[\/vc_column_text][\/vc_tta_section][vc_tta_section title=\u00a0\u00bbAudits d&rsquo;usine\u00a0\u00bb tab_id=\u00a0\u00bb1724429198655-8aec7e0c-0338&Prime;][vc_column_text]Nous inspectons la production ainsi que les normes sociales et \u00e9thiques de l\u2019usine.[\/vc_column_text][\/vc_tta_section][vc_tta_section title=\u00a0\u00bbInspections en milieu de production\u00a0\u00bb tab_id=\u00a0\u00bb1724429369705-10fbe582-fde1&Prime;][vc_column_text]Nous savons qu&rsquo;attendre la fin de la production pour d\u00e9tecter des probl\u00e8mes est inefficace. Chez Lifa Axis, nous r\u00e9alisons des inspections en cours de production pour garantir que les mat\u00e9riaux et le processus respectent les sp\u00e9cifications convenues.[\/vc_column_text][\/vc_tta_section][vc_tta_section title=\u00a0\u00bbInspections avant exp\u00e9dition\u00a0\u00bb tab_id=\u00a0\u00bb1724429388201-657dc3fe-1ba1&Prime;][vc_column_text]Conform\u00e9ment aux normes NQA (normes de qualit\u00e9 acceptables), nous inspectons un pourcentage du lot et fournissons un avis clair sur la r\u00e9ussite ou l\u2019\u00e9chec de l\u2019exp\u00e9dition.[\/vc_column_text][\/vc_tta_section][vc_tta_section title=\u00a0\u00bbInspections sur place\u00a0\u00bb tab_id=\u00a0\u00bb1724429417514-916780da-4985&Prime;][vc_column_text]Si besoin, notre \u00e9quipe qualit\u00e9 peut \u00eatre pr\u00e9sente sur le site de l\u2019usine tous les jours de votre production.[\/vc_column_text][\/vc_tta_section][vc_tta_section title=\u00a0\u00bbInspections du chargement des conteneurs\u00a0\u00bb tab_id=\u00a0\u00bb1724505338615-3ca4adc7-900d\u00a0\u00bb][vc_column_text]Nous veillons \u00e0 ce que les marchandises correctes et en quantit\u00e9 ad\u00e9quate soient charg\u00e9es dans le conteneur de mani\u00e8re s\u00e9curis\u00e9e et conforme.[\/vc_column_text][\/vc_tta_section][\/vc_tta_accordion][\/vc_column][\/vc_row][vc_row full_width=\u00a0\u00bbstretch_row\u00a0\u00bb gap=\u00a0\u00bb35&Prime; el_class=\u00a0\u00bbparangeepad\u00a0\u00bb][vc_column][vc_column_text el_class=\u00a0\u00bbgrandtitreh2&Prime;]<\/p>\n<h2 class=\"mrgbottomh2\" style=\"text-align: center;\">Pourquoi Choisir Lifa Axis : Les Avantages Cl\u00e9s<\/h2>\n<p>[\/vc_column_text][vc_column_text el_class=\u00a0\u00bbtextegrandtitreslider\u00a0\u00bb]<\/p>\n<p style=\"text-align: center;\"><strong>Un Service Sans Tracas :<\/strong> En tant que partenaire de confiance, Lifa Axis vous offre un service sans souci en prenant en charge l\u2019int\u00e9gralit\u00e9 du processus de sourcing et d\u2019exp\u00e9dition. Nous g\u00e9rons chaque \u00e9tape de mani\u00e8re transparente, de la recherche de produits \u00e0 la livraison, en passant par les formalit\u00e9s douani\u00e8res et la documentation. Avec nous, vous b\u00e9n\u00e9ficiez d\u2019une exp\u00e9rience fluide et sans stress.\/p&gt;<\/p>\n<p>[\/vc_column_text][vc_column_text el_class=\u00a0\u00bbtextegrandtitreslider\u00a0\u00bb]<\/p>\n<p style=\"text-align: center;\"><strong>Des Prix Comp\u00e9titifs :<\/strong> Fort de nombreuses ann\u00e9es d\u2019exp\u00e9rience dans l\u2019industrie, Lifa Axis a \u00e9tabli des contrats \u00e0 long terme avec des fabricants, des marchands chinois et des transporteurs de renom. Cette expertise nous permet de vous proposer des prix comp\u00e9titifs tout en garantissant une qualit\u00e9 exceptionnelle. La grande quantit\u00e9 de marchandises que nous livrons chaque ann\u00e9e contribue \u00e9galement \u00e0 maintenir des tarifs avantageux pour nos clients.<\/p>\n<p>[\/vc_column_text][vc_column_text el_class=\u00a0\u00bbtextegrandtitreslider\u00a0\u00bb]<\/p>\n<p style=\"text-align: center;\"><strong>Livraison Dans les D\u00e9lais : <\/strong>Les d\u00e9lais sont cruciaux dans le monde des affaires. C\u2019est pourquoi nous collaborons uniquement avec des transporteurs fiables et \u00e9prouv\u00e9s pour assurer une livraison rapide et s\u00e9curis\u00e9e de vos marchandises en Afrique. Avec Lifa Axis, vous pouvez compter sur une ponctualit\u00e9 et une fiabilit\u00e9 constantes pour toutes vos exp\u00e9ditions.<\/p>\n<p>[\/vc_column_text][\/vc_column][\/vc_row][vc_row full_width=\u00a0\u00bbstretch_row\u00a0\u00bb gap=\u00a0\u00bb35&Prime; equal_height=\u00a0\u00bbyes\u00a0\u00bb content_placement=\u00a0\u00bbmiddle\u00a0\u00bb disable_element=\u00a0\u00bbyes\u00a0\u00bb el_class=\u00a0\u00bbparangeepad bgblancpa\u00a0\u00bb][vc_column width=\u00a0\u00bb1\/2&Prime; el_class=\u00a0\u00bbmrgphotorangeebottom\u00a0\u00bb][vc_single_image image=\u00a0\u00bb265&Prime; img_size=\u00a0\u00bbfull\u00a0\u00bb alignment=\u00a0\u00bbcenter\u00a0\u00bb][\/vc_column][vc_column width=\u00a0\u00bb1\/2&Prime;][vc_column_text el_class=\u00a0\u00bbgrandtitreh2&Prime;]<\/p>\n<h2 style=\"text-align: left;\">Une Expertise dans tous les Domaines<\/h2>\n<p>[\/vc_column_text][vc_column_text el_class=\u00a0\u00bbtextegrandtitreslider\u00a0\u00bb]<\/p>\n<p style=\"text-align: left;\">Lorem ipsum dolor sit amet, consectetur adipiscing elit. Suspendisse gravida aliquam ligula, id laoreet ipsum faucibus id. Nullam pulvinar tortor et purus tincidunt, id molestie nisi suscipit. Maecenas sit amet felis nunc. Nulla porta cursus orci, sed commodo ex congue nec. Suspendisse non blandit neque. Nullam ut arcu vel neque viverra mattis.<\/p>\n<p>[\/vc_column_text][vc_single_image image=\u00a0\u00bb142&Prime; img_size=\u00a0\u00bbfull\u00a0\u00bb][\/vc_column][\/vc_row][vc_row equal_height=\u00a0\u00bbyes\u00a0\u00bb content_placement=\u00a0\u00bbmiddle\u00a0\u00bb el_class=\u00a0\u00bbcadrecallnow dspnonemobile2&Prime;][vc_column width=\u00a0\u00bb2\/4&Prime;][vc_empty_space height=\u00a0\u00bb10px\u00a0\u00bb][vc_column_text el_class=\u00a0\u00bbtextegrandtitreslider white\u00a0\u00bb]<\/p>\n<p class=\"titrebarrefooter\" style=\"text-align: center;\">Besoin d&rsquo;Informations ou d&rsquo;un Devis d&rsquo;Urgence !<\/p>\n<p>[\/vc_column_text][vc_column_text el_class=\u00a0\u00bbtextegrandtitreslider white\u00a0\u00bb]<\/p>\n<p class=\"textebarrefooter\" style=\"text-align: center;\">Quel que soit votre Secteur d&rsquo;Activit\u00e9 ou la taille de votre Entreprise ou Business. <strong>lifaaxis.com<\/strong> peut vous aider. Nous avons des \u00e9quipes d&rsquo;experts qui se consacrent \u00e0 nos clients comme vous.<\/p>\n<p>[\/vc_column_text][\/vc_column][vc_column width=\u00a0\u00bb1\/4&Prime;][vc_single_image image=\u00a0\u00bb271&Prime; img_size=\u00a0\u00bbfull\u00a0\u00bb el_class=\u00a0\u00bbphotocadrecall\u00a0\u00bb][\/vc_column][vc_column width=\u00a0\u00bb1\/4&Prime;][vc_empty_space height=\u00a0\u00bb10px\u00a0\u00bb][vc_btn title=\u00a0\u00bb06 60 93 75 20&Prime; style=\u00a0\u00bbcustom\u00a0\u00bb custom_background=\u00a0\u00bb#ffffff\u00a0\u00bb custom_text=\u00a0\u00bb#204957&Prime; align=\u00a0\u00bbcenter\u00a0\u00bb i_icon_fontawesome=\u00a0\u00bbfas fa-phone-alt\u00a0\u00bb add_icon=\u00a0\u00bbtrue\u00a0\u00bb link=\u00a0\u00bburl:tel%3A0660937520&Prime; el_class=\u00a0\u00bbbtnbanner\u00a0\u00bb][\/vc_column][\/vc_row][vc_row el_class=\u00a0\u00bbdspnonedesktop2 bannermobilecta\u00a0\u00bb][vc_column][vc_empty_space height=\u00a0\u00bb20px\u00a0\u00bb][vc_column_text el_class=\u00a0\u00bbtextegrandtitreslider white\u00a0\u00bb]<\/p>\n<p class=\"titrebarrefooter\" style=\"text-align: center;\">Besoin d&rsquo;Informations ou d&rsquo;un Devis d&rsquo;Urgence !<\/p>\n<p>[\/vc_column_text][vc_column_text el_class=\u00a0\u00bbtextegrandtitreslider white\u00a0\u00bb]<\/p>\n<p class=\"textebarrefooter\" style=\"text-align: center;\">Quel que soit votre Secteur d&rsquo;Activit\u00e9 ou la taille de votre Entreprise ou Business. <strong>lifaaxis.com<\/strong> peut vous aider. Nous avons des \u00e9quipes d&rsquo;experts qui se consacrent \u00e0 nos clients comme vous.<\/p>\n<p>[\/vc_column_text][vc_btn title=\u00a0\u00bb06 60 93 75 20&Prime; style=\u00a0\u00bbcustom\u00a0\u00bb custom_background=\u00a0\u00bb#ffffff\u00a0\u00bb custom_text=\u00a0\u00bb#204957&Prime; align=\u00a0\u00bbcenter\u00a0\u00bb i_icon_fontawesome=\u00a0\u00bbfas fa-phone-alt\u00a0\u00bb add_icon=\u00a0\u00bbtrue\u00a0\u00bb link=\u00a0\u00bburl:tel%3A0660937520&Prime; el_class=\u00a0\u00bbbtnbannermobile\u00a0\u00bb][\/vc_column][\/vc_row]<\/p>\n<\/div>","protected":false},"excerpt":{"rendered":"<p>[vc_row full_width=\u00a0\u00bbstretch_row\u00a0\u00bb el_class=\u00a0\u00bbparangee1 parangeepad\u00a0\u00bb][vc_column][vc_column_text el_class=\u00a0\u00bbgrandtitreh2&Prime;] Inspection &amp; Contr\u00f4le Qualit\u00e9 en Chine [\/vc_column_text][vc_column_text el_class=\u00a0\u00bbtextegrandtitreslider\u00a0\u00bb] Chez Lifa Axis, nous savons que les contr\u00f4les de qualit\u00e9 sont essentiels, mais<span class=\"excerpt-hellip\"> [\u2026]<\/span><\/p>\n","protected":false},"author":1,"featured_media":0,"parent":0,"menu_order":0,"comment_status":"closed","ping_status":"closed","template":"","meta":{"footnotes":""},"class_list":["post-314","page","type-page","status-publish","hentry"],"_links":{"self":[{"href":"https:\/\/atsaero.ma\/lifaaxis\/wp-json\/wp\/v2\/pages\/314","targetHints":{"allow":["GET"]}}],"collection":[{"href":"https:\/\/atsaero.ma\/lifaaxis\/wp-json\/wp\/v2\/pages"}],"about":[{"href":"https:\/\/atsaero.ma\/lifaaxis\/wp-json\/wp\/v2\/types\/page"}],"author":[{"embeddable":true,"href":"https:\/\/atsaero.ma\/lifaaxis\/wp-json\/wp\/v2\/users\/1"}],"replies":[{"embeddable":true,"href":"https:\/\/atsaero.ma\/lifaaxis\/wp-json\/wp\/v2\/comments?post=314"}],"version-history":[{"count":19,"href":"https:\/\/atsaero.ma\/lifaaxis\/wp-json\/wp\/v2\/pages\/314\/revisions"}],"predecessor-version":[{"id":652,"href":"https:\/\/atsaero.ma\/lifaaxis\/wp-json\/wp\/v2\/pages\/314\/revisions\/652"}],"wp:attachment":[{"href":"https:\/\/atsaero.ma\/lifaaxis\/wp-json\/wp\/v2\/media?parent=314"}],"curies":[{"name":"wp","href":"https:\/\/api.w.org\/{rel}","templated":true}]}}