{"id":2,"date":"2018-03-07T14:19:33","date_gmt":"2018-03-07T14:19:33","guid":{"rendered":"http:\/\/themes.muffingroup.com\/be\/dietitian2\/?page_id=2"},"modified":"2025-12-21T12:01:52","modified_gmt":"2025-12-21T12:01:52","slug":"home","status":"publish","type":"page","link":"https:\/\/atsaero.ma\/koutoubia\/","title":{"rendered":"Home"},"content":{"rendered":"<p>[vc_row equal_height=&#8221;yes&#8221; content_placement=&#8221;bottom&#8221; el_class=&#8221;rangee1&#8243;][vc_column width=&#8221;2\/6&#8243;][vc_column_text]<\/p>\n<h3 style=\"font-size: 30px;\">Des professionnels de l&#8217;hygi\u00e8ne \u00e0 votre \u00e9coute<\/h3>\n<p>Notre \u00e9quipe est \u00e0 votre \u00e9coute pour apporter une solution adapt\u00e9e \u00e0 vous et r\u00e9pondre \u00e0 toutes vos interrogations et \u00e0 tous vos besoins.<\/p>\n<p>[\/vc_column_text][\/vc_column][vc_column width=&#8221;1\/6&#8243;][\/vc_column][vc_column css_animation=&#8221;bounceInUp&#8221; width=&#8221;1\/6&#8243; el_class=&#8221;atouts&#8221;][vc_raw_html]JTBBJTNDaW1nJTIwc3JjJTNEJTIyaHR0cHMlM0ElMkYlMkZhdHNhZXJvLm1hJTJGa291dG91YmlhJTJGd3AtY29udGVudCUyRnVwbG9hZHMlMkYyMDIyJTJGMDYlMkZpY29uZS0yLnBuZyUyMiUyMCUyRiUzRSUwQSUzQ2g1JTIwc3R5bGUlM0QlMjJjb2xvciUzQSUyMCUyM2ZmZiUzQiUyMiUzRSUyQjIwJTNDYnIlMjAlMkYlM0UlMjBBbm4lQzMlQTllcyUyMGQlMjdleHAlQzMlQTlyaWVuY2VzJTNDJTJGaDUlM0UlMjA=[\/vc_raw_html][\/vc_column][vc_column css_animation=&#8221;bounceInUp&#8221; width=&#8221;1\/6&#8243; el_class=&#8221;atouts2&#8243;][vc_raw_html]JTNDaW1nJTIwc3JjJTNEJTIyaHR0cHMlM0ElMkYlMkZhdHNhZXJvLm1hJTJGa291dG91YmlhJTJGd3AtY29udGVudCUyRnVwbG9hZHMlMkYyMDIyJTJGMDYlMkZpY29uZS0xLnBuZyUyMiUyMCUyRiUzRSUwQSUzQ2g1JTIwc3R5bGUlM0QlMjJjb2xvciUzQSUyMCUyM2ZmZiUzQiUyMiUzRTIlMjAlM0NiciUyMCUyRiUzRSUyMFVuaXQlQzMlQTlzJTIwZGUlMjBwcm9kdWN0aW9uJTNDJTJGaDUlM0UlMjA=[\/vc_raw_html][\/vc_column][vc_column width=&#8221;1\/6&#8243;][\/vc_column][\/vc_row][vc_row full_width=&#8221;stretch_row_content&#8221; el_id=&#8221;quisommesnous&#8221;][vc_column][vc_column_text]<\/p>\n<h4 class=\"themecolor\" style=\"margin-bottom: 6px; text-align: center;\">Qui sommes-nous<\/h4>\n<p>[\/vc_column_text][vc_column_text]<\/p>\n<h2 style=\"text-align: center; font-size: 37px; margin-top: -27px;\">Votre sp\u00e9cialiste des produits d\u2019entretien et de nettoyage professionnel<\/h2>\n<p>[\/vc_column_text][vc_column_text]<\/p>\n<p style=\"margin: 0px 26%; text-align: center; margin-top: -27px;\">Fond\u00e9 par <strong>Mr. OUDFi Brahim<\/strong>, Javel koutoubia est une entreprise industriel et commercial sp\u00e9cialis\u00e9 dans les biens de consommation des m\u00e9nages au Maroc.<\/p>\n<p>[\/vc_column_text][vc_single_image image=&#8221;65&#8243; img_size=&#8221;full&#8221; alignment=&#8221;center&#8221; css_animation=&#8221;fadeInUp&#8221;][\/vc_column][\/vc_row][vc_row][vc_column][vc_column_text]<\/p>\n<h4 class=\"themecolor\" style=\"margin-bottom: 6px; text-align: center;\">Pourquoi nous choisir ?<\/h4>\n<p>[\/vc_column_text][vc_column_text]<\/p>\n<p style=\"text-align: center;\">En tant que sp\u00e9cialiste de l\u2019entretien, l\u2019hygi\u00e8ne et le sanitaire pour les entreprises et collectivit\u00e9s, Javel Koutoubia propose de nombreux produits d\u2019entretien, d\u2019essuyage et de nettoyage industriel.<\/p>\n<p style=\"text-align: center;\">Enfin la politique de Javel Koutoubia se r\u00e9sume dans la pratique de prix bas pour des produits de qualit\u00e9.<\/p>\n<p>[\/vc_column_text][vc_empty_space][\/vc_column][\/vc_row][vc_row css=&#8221;.vc_custom_1660592321090{margin-top: -50px !important;}&#8221; el_class=&#8221;margin-cat produits1&#8243; el_id=&#8221;produits&#8221;][vc_column width=&#8221;1\/3&#8243;][vc_single_image image=&#8221;70&#8243; img_size=&#8221;full&#8221; alignment=&#8221;center&#8221; onclick=&#8221;custom_link&#8221; link=&#8221;.\/javel-5l\/&#8221;][\/vc_column][vc_column width=&#8221;1\/3&#8243;][vc_single_image image=&#8221;71&#8243; img_size=&#8221;full&#8221; alignment=&#8221;center&#8221; onclick=&#8221;custom_link&#8221; link=&#8221;.\/nettoyant-sol\/&#8221;][\/vc_column][vc_column width=&#8221;1\/3&#8243;][vc_single_image image=&#8221;69&#8243; img_size=&#8221;full&#8221; alignment=&#8221;center&#8221; onclick=&#8221;custom_link&#8221; link=&#8221;.\/esprit-sani\/&#8221;][\/vc_column][\/vc_row][vc_row el_class=&#8221;margin-cat produits2&#8243;][vc_column width=&#8221;1\/3&#8243;][vc_single_image image=&#8221;72&#8243; img_size=&#8221;full&#8221; alignment=&#8221;center&#8221; onclick=&#8221;custom_link&#8221; link=&#8221;.\/produits-dhygiene-multifonctions\/&#8221;][\/vc_column][vc_column width=&#8221;1\/3&#8243;][vc_single_image image=&#8221;73&#8243; img_size=&#8221;full&#8221; alignment=&#8221;center&#8221; onclick=&#8221;custom_link&#8221; link=&#8221;.\/sani-koutoubia\/&#8221;][\/vc_column][vc_column width=&#8221;1\/3&#8243;][vc_single_image image=&#8221;75&#8243; img_size=&#8221;full&#8221; alignment=&#8221;center&#8221; onclick=&#8221;custom_link&#8221; link=&#8221;.\/savon-a-main\/&#8221;][\/vc_column][\/vc_row][vc_row el_class=&#8221;margin-cat2&#8243;][vc_column width=&#8221;1\/3&#8243;][vc_single_image image=&#8221;74&#8243; img_size=&#8221;full&#8221; alignment=&#8221;center&#8221; onclick=&#8221;custom_link&#8221; link=&#8221;.\/savon-5l\/&#8221;][\/vc_column][vc_column width=&#8221;1\/3&#8243;][vc_single_image image=&#8221;291&#8243; img_size=&#8221;full&#8221; alignment=&#8221;center&#8221; onclick=&#8221;custom_link&#8221; link=&#8221;.\/produits-chimiques\/&#8221;][\/vc_column][vc_column width=&#8221;1\/3&#8243;][\/vc_column][\/vc_row][vc_row full_width=&#8221;stretch_row&#8221; css=&#8221;.vc_custom_1657287316651{padding-top: 50px !important;padding-bottom: 50px !important;}&#8221; el_id=&#8221;contact&#8221;][vc_column][vc_column_text]<\/p>\n<h4 class=\"themecolor\" style=\"margin-bottom: 6px; text-align: center;\">Contactez-nous<\/h4>\n<p>[\/vc_column_text][vc_column_text]<\/p>\n<p style=\"margin: 0px 26%; text-align: center;\">N\u2019h\u00e9sitez pas \u00e0 nous contacter, notre \u00e9quipe est toujours disponible pour vous aider dans vos d\u00e9marches d\u2019achat<\/p>\n<p>[\/vc_column_text][vc_column_text]\n<div class=\"wpcf7 no-js\" id=\"wpcf7-f55-o1\" lang=\"en-US\" dir=\"ltr\" data-wpcf7-id=\"55\">\n<div class=\"screen-reader-response\"><p role=\"status\" aria-live=\"polite\" aria-atomic=\"true\"><\/p> <ul><\/ul><\/div>\n<form action=\"\/koutoubia\/wp-json\/wp\/v2\/pages\/2#wpcf7-f55-o1\" method=\"post\" class=\"wpcf7-form init\" aria-label=\"Contact form\" novalidate=\"novalidate\" data-status=\"init\">\n<fieldset class=\"hidden-fields-container\"><input type=\"hidden\" name=\"_wpcf7\" value=\"55\" \/><input type=\"hidden\" name=\"_wpcf7_version\" value=\"6.1.5\" \/><input type=\"hidden\" name=\"_wpcf7_locale\" value=\"en_US\" \/><input type=\"hidden\" name=\"_wpcf7_unit_tag\" value=\"wpcf7-f55-o1\" \/><input type=\"hidden\" name=\"_wpcf7_container_post\" value=\"0\" \/><input type=\"hidden\" name=\"_wpcf7_posted_data_hash\" value=\"\" \/>\n<\/fieldset>\n<div class=\"column one-third\">\n\t<p><span class=\"wpcf7-form-control-wrap\" data-name=\"your-name\"><input size=\"40\" maxlength=\"400\" class=\"wpcf7-form-control wpcf7-text wpcf7-validates-as-required\" aria-required=\"true\" aria-invalid=\"false\" placeholder=\"Votre nom \u00e9 pr\u00e9nom\" value=\"\" type=\"text\" name=\"your-name\" \/><\/span>\n\t<\/p>\n<\/div>\n<div class=\"column one-third\">\n\t<p><span class=\"wpcf7-form-control-wrap\" data-name=\"your-email\"><input size=\"40\" maxlength=\"400\" class=\"wpcf7-form-control wpcf7-email wpcf7-validates-as-required wpcf7-text wpcf7-validates-as-email\" aria-required=\"true\" aria-invalid=\"false\" placeholder=\"Votre email\" value=\"\" type=\"email\" name=\"your-email\" \/><\/span>\n\t<\/p>\n<\/div>\n<div class=\"column one-third\">\n\t<p><span class=\"wpcf7-form-control-wrap\" data-name=\"your-subject\"><input size=\"40\" maxlength=\"400\" class=\"wpcf7-form-control wpcf7-text\" aria-invalid=\"false\" placeholder=\"Sujet\" value=\"\" type=\"text\" name=\"your-subject\" \/><\/span>\n\t<\/p>\n<\/div>\n<div class=\"column one\">\n\t<p><span class=\"wpcf7-form-control-wrap\" data-name=\"your-message\"><textarea cols=\"40\" rows=\"7\" maxlength=\"2000\" class=\"wpcf7-form-control wpcf7-textarea\" aria-invalid=\"false\" placeholder=\"Message\" name=\"your-message\"><\/textarea><\/span>\n\t<\/p>\n<\/div>\n<div class=\"column one\">\n\t<p><input class=\"wpcf7-form-control wpcf7-submit has-spinner button_full_width_ch\" type=\"submit\" value=\"Envoyer message\" \/>\n\t<\/p>\n<\/div><div class=\"wpcf7-response-output\" aria-hidden=\"true\"><\/div>\n<\/form>\n<\/div>\n[\/vc_column_text][\/vc_column][\/vc_row]<\/p>\n","protected":false},"excerpt":{"rendered":"<p>[vc_row equal_height=&#8221;yes&#8221; content_placement=&#8221;bottom&#8221; el_class=&#8221;rangee1&#8243;][vc_column width=&#8221;2\/6&#8243;][vc_column_text] Des professionnels de l&#8217;hygi\u00e8ne \u00e0 votre \u00e9coute Notre \u00e9quipe est \u00e0 votre \u00e9coute pour apporter une solution adapt\u00e9e \u00e0 vous et<span class=\"excerpt-hellip\"> [\u2026]<\/span><\/p>\n","protected":false},"author":1,"featured_media":0,"parent":0,"menu_order":0,"comment_status":"closed","ping_status":"open","template":"","meta":{"footnotes":""},"class_list":["post-2","page","type-page","status-publish","hentry"],"jetpack_sharing_enabled":true,"_links":{"self":[{"href":"https:\/\/atsaero.ma\/koutoubia\/wp-json\/wp\/v2\/pages\/2","targetHints":{"allow":["GET"]}}],"collection":[{"href":"https:\/\/atsaero.ma\/koutoubia\/wp-json\/wp\/v2\/pages"}],"about":[{"href":"https:\/\/atsaero.ma\/koutoubia\/wp-json\/wp\/v2\/types\/page"}],"author":[{"embeddable":true,"href":"https:\/\/atsaero.ma\/koutoubia\/wp-json\/wp\/v2\/users\/1"}],"replies":[{"embeddable":true,"href":"https:\/\/atsaero.ma\/koutoubia\/wp-json\/wp\/v2\/comments?post=2"}],"version-history":[{"count":34,"href":"https:\/\/atsaero.ma\/koutoubia\/wp-json\/wp\/v2\/pages\/2\/revisions"}],"predecessor-version":[{"id":304,"href":"https:\/\/atsaero.ma\/koutoubia\/wp-json\/wp\/v2\/pages\/2\/revisions\/304"}],"wp:attachment":[{"href":"https:\/\/atsaero.ma\/koutoubia\/wp-json\/wp\/v2\/media?parent=2"}],"curies":[{"name":"wp","href":"https:\/\/api.w.org\/{rel}","templated":true}]}}