{"id":323,"date":"2023-01-28T18:21:46","date_gmt":"2023-01-28T18:21:46","guid":{"rendered":"https:\/\/atsaero.ma\/atlasuniservices\/?page_id=323"},"modified":"2023-01-29T19:36:40","modified_gmt":"2023-01-29T19:36:40","slug":"sejours-linguistiques","status":"publish","type":"page","link":"https:\/\/atsaero.ma\/atlasuniservices\/sejours-linguistiques\/","title":{"rendered":"S\u00e9jours linguistiques"},"content":{"rendered":"<section class=\"wpb-content-wrapper\"><p>[vc_row disable_element=&#8221;yes&#8221;][vc_column][vc_column_text]<\/p>\n<h2 style=\"text-align: center;\">Nos Destinations<\/h2>\n<p>[\/vc_column_text][\/vc_column][\/vc_row][vc_row equal_height=&#8221;yes&#8221; content_placement=&#8221;middle&#8221; el_class=&#8221;padrangee1&#8243;][vc_column css_animation=&#8221;fadeInLeft&#8221; width=&#8221;1\/2&#8243;][vc_column_text]<\/p>\n<h3 style=\"text-align: left;\">S\u00e9jours linguistiques<\/h3>\n<p>[\/vc_column_text][vc_column_text]La ma\u00eetrise des langues \u00e9trang\u00e8res repr\u00e9sente aujourd\u2019hui un enjeu et un atout de taille qu\u2019il n\u2019est plus possible d\u2019ignorer.\u00a0Nous sommes aujourd\u2019hui dans un processus de mondialisation, ainsi les \u00e9changes, que ce soit en termes \u00e9conomique, diplomatique, culturel ou commercial, s\u2019intensifient. Ainsi, il est devenu important de diversifier ces connaissances linguistiques, afin de suivre, \u00e0 son \u00e9chelle, cette intensification de la plan\u00e8te terre.<\/p>\n<p>Par ailleurs, le\u00a0niveau linguistique en langues \u00e9trang\u00e8res est devenu un des crit\u00e8res majeurs dans le processus de recrutement, d\u2019o\u00f9 l\u2019int\u00e9r\u00eat d\u2019apprendre une langue \u00ab\u00a0internationale\u00a0\u00bb.<\/p>\n<p>Avec 1,268 milliard de personnes qui parlent l\u2019anglais \u00e0 travers le monde, cette langue consid\u00e9r\u00e9e comme officielle dans plus d\u2019une cinquantaine de pays, se hisse en haut du classement.<\/p>\n<p>Le Maroc, \u00e9tant un pays o\u00f9 la majorit\u00e9 maitrisent la langue fran\u00e7aise, l\u2019agence ATLAS UNIVERSITY SERVICES propose ainsi des s\u00e9jours linguistiques en Angleterre afin d\u2019am\u00e9liorer votre anglais pour vous ouvrir le champ des possibles en mati\u00e8re de recherche d\u2019emploi.[\/vc_column_text][\/vc_column][vc_column css_animation=&#8221;fadeInRight&#8221; width=&#8221;1\/2&#8243;][vc_single_image image=&#8221;326&#8243; img_size=&#8221;full&#8221; alignment=&#8221;center&#8221;][\/vc_column][\/vc_row][vc_row equal_height=&#8221;yes&#8221; content_placement=&#8221;middle&#8221;][vc_column][vc_empty_space height=&#8221;10px&#8221;][\/vc_column][\/vc_row][vc_row][vc_column css_animation=&#8221;fadeInUp&#8221;][vc_column_text]<\/p>\n<h2 style=\"text-align: center;\">Formulaire de contact<\/h2>\n<p style=\"text-align: center; font-size: 1.3em;\">Envoyez-nous toutes vos questions, notre priorit\u00e9 c&#8217;est vous<\/p>\n<p>[\/vc_column_text][vc_column_text]<div class=\"wpforms-container wpforms-container-full\" id=\"wpforms-244\"><form id=\"wpforms-form-244\" class=\"wpforms-validate wpforms-form wpforms-ajax-form\" data-formid=\"244\" method=\"post\" enctype=\"multipart\/form-data\" action=\"\/atlasuniservices\/wp-json\/wp\/v2\/pages\/323\" data-token=\"49001f02135cbaf8901a05b3fb3ed8e2\"><noscript class=\"wpforms-error-noscript\">Please enable JavaScript in your browser to complete this form.<\/noscript><div class=\"wpforms-field-container\"><div id=\"wpforms-244-field_7-container\" class=\"wpforms-field wpforms-field-text wpforms-one-half wpforms-first\" data-field-id=\"7\"><label class=\"wpforms-field-label\" for=\"wpforms-244-field_7\">Nom <span class=\"wpforms-required-label\">*<\/span><\/label><input type=\"text\" id=\"wpforms-244-field_7\" class=\"wpforms-field-large wpforms-field-required\" name=\"wpforms[fields][7]\" required><\/div><div id=\"wpforms-244-field_8-container\" class=\"wpforms-field wpforms-field-text wpforms-one-half\" data-field-id=\"8\"><label class=\"wpforms-field-label\" for=\"wpforms-244-field_8\">Pr\u00e9nom <span class=\"wpforms-required-label\">*<\/span><\/label><input type=\"text\" id=\"wpforms-244-field_8\" class=\"wpforms-field-large wpforms-field-required\" name=\"wpforms[fields][8]\" required><\/div><div id=\"wpforms-244-field_2-container\" class=\"wpforms-field wpforms-field-phone wpforms-one-half wpforms-first\" data-field-id=\"2\"><label class=\"wpforms-field-label\" for=\"wpforms-244-field_2\">T\u00e9l\u00e9phone <span class=\"wpforms-required-label\">*<\/span><\/label><input type=\"tel\" id=\"wpforms-244-field_2\" class=\"wpforms-field-large wpforms-field-required wpforms-smart-phone-field\" data-rule-smart-phone-field=\"true\" name=\"wpforms[fields][2]\" required><\/div><div id=\"wpforms-244-field_6-container\" class=\"wpforms-field wpforms-field-text wpforms-one-half\" data-field-id=\"6\"><label class=\"wpforms-field-label\" for=\"wpforms-244-field_6\">Ville <span class=\"wpforms-required-label\">*<\/span><\/label><input type=\"text\" id=\"wpforms-244-field_6\" class=\"wpforms-field-large wpforms-field-required\" name=\"wpforms[fields][6]\" required><\/div><div id=\"wpforms-244-field_3-container\" class=\"wpforms-field wpforms-field-email\" data-field-id=\"3\"><label class=\"wpforms-field-label\" for=\"wpforms-244-field_3\">E-mail <span class=\"wpforms-required-label\">*<\/span><\/label><input type=\"email\" id=\"wpforms-244-field_3\" class=\"wpforms-field-large wpforms-field-required\" name=\"wpforms[fields][3]\" required><\/div><div id=\"wpforms-244-field_5-container\" class=\"wpforms-field wpforms-field-select wpforms-field-select-style-modern\" data-field-id=\"5\"><label class=\"wpforms-field-label\" for=\"wpforms-244-field_5\">Votre niveau scolaire  <span class=\"wpforms-required-label\">*<\/span><\/label><select id=\"wpforms-244-field_5\" class=\"wpforms-field-large wpforms-field-required choicesjs-select\" data-size-class=\"wpforms-field-row wpforms-field-large\" data-search-enabled=\"\" name=\"wpforms[fields][5]\" required=\"required\"><option value=\"\" class=\"placeholder\" disabled  selected='selected'>Baccalaureat<\/option><option value=\"Baccalaureat\" >Baccalaureat<\/option><option value=\"Bac+1\" >Bac+1<\/option><option value=\"Bac+2\" >Bac+2<\/option><option value=\"Bac+3\" >Bac+3<\/option><option value=\"Bac+4\" >Bac+4<\/option><option value=\"Bac+5\" >Bac+5<\/option><\/select><\/div><div id=\"wpforms-244-field_4-container\" class=\"wpforms-field wpforms-field-textarea\" data-field-id=\"4\"><label class=\"wpforms-field-label\" for=\"wpforms-244-field_4\">Message <span class=\"wpforms-required-label\">*<\/span><\/label><textarea id=\"wpforms-244-field_4\" class=\"wpforms-field-large wpforms-field-required\" name=\"wpforms[fields][4]\" placeholder=\"Quel est votre besoin ? \" required><\/textarea><\/div><\/div><div class=\"wpforms-submit-container\"><input type=\"hidden\" name=\"wpforms[id]\" value=\"244\"><input type=\"hidden\" name=\"wpforms[author]\" value=\"1\"><button type=\"submit\" name=\"wpforms[submit]\" id=\"wpforms-submit-244\" class=\"wpforms-submit\" data-alt-text=\"Envoi...\" data-submit-text=\"Envoyer\" aria-live=\"assertive\" value=\"wpforms-submit\">Envoyer<\/button><img loading=\"lazy\" decoding=\"async\" src=\"https:\/\/atsaero.ma\/atlasuniservices\/wp-content\/plugins\/wpforms\/assets\/images\/submit-spin.svg\" class=\"wpforms-submit-spinner\" style=\"display: none;\" width=\"26\" height=\"26\" alt=\"\"><\/div><\/form><\/div>  <!-- .wpforms-container -->[\/vc_column_text][\/vc_column][\/vc_row]<\/p>\n<\/section>","protected":false},"excerpt":{"rendered":"<p>[vc_row disable_element=&#8221;yes&#8221;][vc_column][vc_column_text] Nos Destinations [\/vc_column_text][\/vc_column][\/vc_row][vc_row equal_height=&#8221;yes&#8221; content_placement=&#8221;middle&#8221; el_class=&#8221;padrangee1&#8243;][vc_column css_animation=&#8221;fadeInLeft&#8221; width=&#8221;1\/2&#8243;][vc_column_text] S\u00e9jours linguistiques [\/vc_column_text][vc_column_text]La ma\u00eetrise des langues \u00e9trang\u00e8res repr\u00e9sente aujourd\u2019hui un enjeu et un atout de taille<span class=\"excerpt-hellip\"> [\u2026]<\/span><\/p>\n","protected":false},"author":1,"featured_media":0,"parent":0,"menu_order":0,"comment_status":"closed","ping_status":"closed","template":"","meta":{"pagelayer_contact_templates":[],"_pagelayer_content":"","footnotes":""},"class_list":["post-323","page","type-page","status-publish","hentry"],"jetpack_sharing_enabled":true,"_links":{"self":[{"href":"https:\/\/atsaero.ma\/atlasuniservices\/wp-json\/wp\/v2\/pages\/323","targetHints":{"allow":["GET"]}}],"collection":[{"href":"https:\/\/atsaero.ma\/atlasuniservices\/wp-json\/wp\/v2\/pages"}],"about":[{"href":"https:\/\/atsaero.ma\/atlasuniservices\/wp-json\/wp\/v2\/types\/page"}],"author":[{"embeddable":true,"href":"https:\/\/atsaero.ma\/atlasuniservices\/wp-json\/wp\/v2\/users\/1"}],"replies":[{"embeddable":true,"href":"https:\/\/atsaero.ma\/atlasuniservices\/wp-json\/wp\/v2\/comments?post=323"}],"version-history":[{"count":10,"href":"https:\/\/atsaero.ma\/atlasuniservices\/wp-json\/wp\/v2\/pages\/323\/revisions"}],"predecessor-version":[{"id":392,"href":"https:\/\/atsaero.ma\/atlasuniservices\/wp-json\/wp\/v2\/pages\/323\/revisions\/392"}],"wp:attachment":[{"href":"https:\/\/atsaero.ma\/atlasuniservices\/wp-json\/wp\/v2\/media?parent=323"}],"curies":[{"name":"wp","href":"https:\/\/api.w.org\/{rel}","templated":true}]}}