{"id":176,"date":"2023-01-20T22:06:58","date_gmt":"2023-01-20T22:06:58","guid":{"rendered":"https:\/\/atsaero.ma\/atlasuniservices\/?page_id=176"},"modified":"2023-01-29T18:58:37","modified_gmt":"2023-01-29T18:58:37","slug":"nos-destinations","status":"publish","type":"page","link":"https:\/\/atsaero.ma\/atlasuniservices\/nos-destinations\/","title":{"rendered":"Nos destinations"},"content":{"rendered":"<section class=\"wpb-content-wrapper\"><p>[vc_row disable_element=&#8221;yes&#8221;][vc_column][vc_column_text]<\/p>\n<h2 style=\"text-align: center;\">Nos Destinations<\/h2>\n<p>[\/vc_column_text][\/vc_column][\/vc_row][vc_row equal_height=&#8221;yes&#8221; content_placement=&#8221;middle&#8221; el_id=&#8221;canada&#8221;][vc_column css_animation=&#8221;fadeInLeft&#8221; width=&#8221;1\/2&#8243;][vc_column_text]<\/p>\n<h3 style=\"text-align: left;\">Pourquoi Choisir le Canada ?<\/h3>\n<p>[\/vc_column_text][vc_column_text]<em>Il existe beaucoup de raisons pour lesquelles plus de 400,000 \u00e9tudiants \u00e9trangers choisissent de vivre et \u00e9tudier au Canada chaque ann\u00e9e.<\/em><\/p>\n<p>Le niveau de vie et la qualit\u00e9 de vie au Canada est \u00e9lev\u00e9, les \u00e9tudiants internationaux b\u00e9n\u00e9ficient par ailleurs des m\u00eames droits et libert\u00e9s qui prot\u00e8gent tous les Canadiens\u00a0: le respect des droits de la personne, l\u2019\u00e9galit\u00e9, la diversit\u00e9 et une soci\u00e9t\u00e9 stable et pacifique. Le Canada offre un environnement bilingue et multiculturel qui permet aux \u00e9tudiants de se sentir chez eux loin de leur pays d\u2019origine.<\/p>\n<p>Au niveau des \u00e9tudes, allant de l\u2019\u00e9l\u00e9mentaire au postsecondaire, le Canada est connu pour offrir des possibilit\u00e9s d\u2019\u00e9ducation et de recherche de grande qualit\u00e9. Vous aurez \u00e9galement acc\u00e8s \u00e0 des bourses d\u2019\u00e9tudes ainsi que des occasions d\u2019emplois qui vous aideront \u00e0 payer pour votre \u00e9ducation. D\u2019ailleurs le Canada offre la possibilit\u00e9 aux \u00e9tudiants \u00e9trangers d\u2019obtenir un\u00a0<a href=\"https:\/\/www.canada.ca\/fr\/immigration-refugies-citoyennete\/organisation\/publications-guides\/bulletins-guides-operationnels\/residents-temporaires\/permis-etudes\/programme-postdiplome.html\">permis de travail post dipl\u00f4me<\/a>\u00a0apr\u00e8s leurs \u00e9tudes.<\/p>\n<p>Alors, que vous d\u00e9cidiez de rester au Canada ou de retourner dans votre pays d\u2019origine, votre \u00e9ducation et votre r\u00e9seau canadien vous aidera \u00e0 pr\u00e9parer votre avenir.[\/vc_column_text][\/vc_column][vc_column css_animation=&#8221;fadeInRight&#8221; width=&#8221;1\/2&#8243;][vc_single_image image=&#8221;296&#8243; img_size=&#8221;full&#8221;]<div class=\"cq-bgbutton-container  rangee1btn1 cq-bgbutton-aligncenter\" data-buttonimage=\"\" data-startcolor=\"#654790\" data-endcolor=\"#a82c84\" data-fontsize=\"18px\" data-iconcolor=\"#ffffff\" data-textcolor=\"#ffffff\" data-icon2size=\"\" data-linktype=\"customlink\" data-lightboxmargin=\"\" data-videowidth=\"640\" data-tooltip=\"\" data-istooltip=\"\" data-autoclose=\"\" data-iconanimation=\"style2\" data-minwidth=\"\" data-tooltipanimation=\"\" data-autoloaded=\"\"><a href=\"https:\/\/atsaero.ma\/atlasuniservices\/contactez-nous\/\" title=\"\" target=\"\" class=\"cq-bgbutton roundsmall cq-bgbutton-link vc_custom_1675017186415 cq-bgbutton-style2\"><i class=\"cq-bgbutton-icon1 cq-bgbutton-iconleft fas fa-envelope\"><\/i>Envoyez-nous un message<i class=\"cq-bgbutton-icon2 cq-bgbutton-iconright fas fa-envelope\"><\/i><\/a><\/div><div class=\"cq-bgbutton-container  rangee1btn2 mrgtel cq-bgbutton-aligncenter\" data-buttonimage=\"\" data-startcolor=\"#654790\" data-endcolor=\"#a82c84\" data-fontsize=\"18px\" data-iconcolor=\"#ffffff\" data-textcolor=\"#ffffff\" data-icon2size=\"\" data-linktype=\"customlink\" data-lightboxmargin=\"\" data-videowidth=\"640\" data-tooltip=\"\" data-istooltip=\"\" data-autoclose=\"\" data-iconanimation=\"style2\" data-minwidth=\"\" data-tooltipanimation=\"\" data-autoloaded=\"\"><a href=\"tel:0522212324\" title=\"\" target=\"\" class=\"cq-bgbutton roundsmall cq-bgbutton-link vc_custom_1675017272287 cq-bgbutton-style2\"><i class=\"cq-bgbutton-icon1 cq-bgbutton-iconleft fas fa-phone-alt\"><\/i>Appelez-nous<i class=\"cq-bgbutton-icon2 cq-bgbutton-iconright fas fa-phone-alt\"><\/i><\/a><\/div>[\/vc_column][\/vc_row][vc_row equal_height=&#8221;yes&#8221; content_placement=&#8221;middle&#8221;][vc_column][vc_empty_space height=&#8221;100px&#8221;][\/vc_column][\/vc_row][vc_row equal_height=&#8221;yes&#8221; rtl_reverse=&#8221;yes&#8221; content_placement=&#8221;middle&#8221; el_id=&#8221;spain&#8221; el_class=&#8221;inverse&#8221;][vc_column css_animation=&#8221;fadeInLeft&#8221; width=&#8221;1\/2&#8243;][vc_single_image image=&#8221;376&#8243; img_size=&#8221;full&#8221; alignment=&#8221;center&#8221;]<div class=\"cq-bgbutton-container  rangee1btn1 cq-bgbutton-aligncenter\" data-buttonimage=\"\" data-startcolor=\"#654790\" data-endcolor=\"#a82c84\" data-fontsize=\"18px\" data-iconcolor=\"#ffffff\" data-textcolor=\"#ffffff\" data-icon2size=\"\" data-linktype=\"customlink\" data-lightboxmargin=\"\" data-videowidth=\"640\" data-tooltip=\"\" data-istooltip=\"\" data-autoclose=\"\" data-iconanimation=\"style2\" data-minwidth=\"\" data-tooltipanimation=\"\" data-autoloaded=\"\"><a href=\"https:\/\/atsaero.ma\/atlasuniservices\/contactez-nous\/\" title=\"\" target=\"\" class=\"cq-bgbutton roundsmall cq-bgbutton-link vc_custom_1675017186415 cq-bgbutton-style2\"><i class=\"cq-bgbutton-icon1 cq-bgbutton-iconleft fas fa-envelope\"><\/i>Envoyez-nous un message<i class=\"cq-bgbutton-icon2 cq-bgbutton-iconright fas fa-envelope\"><\/i><\/a><\/div><div class=\"cq-bgbutton-container  rangee1btn2 mrgtel cq-bgbutton-aligncenter\" data-buttonimage=\"\" data-startcolor=\"#654790\" data-endcolor=\"#a82c84\" data-fontsize=\"18px\" data-iconcolor=\"#ffffff\" data-textcolor=\"#ffffff\" data-icon2size=\"\" data-linktype=\"customlink\" data-lightboxmargin=\"\" data-videowidth=\"640\" data-tooltip=\"\" data-istooltip=\"\" data-autoclose=\"\" data-iconanimation=\"style2\" data-minwidth=\"\" data-tooltipanimation=\"\" data-autoloaded=\"\"><a href=\"tel:0522212324\" title=\"\" target=\"\" class=\"cq-bgbutton roundsmall cq-bgbutton-link vc_custom_1675017272287 cq-bgbutton-style2\"><i class=\"cq-bgbutton-icon1 cq-bgbutton-iconleft fas fa-phone-alt\"><\/i>Appelez-nous<i class=\"cq-bgbutton-icon2 cq-bgbutton-iconright fas fa-phone-alt\"><\/i><\/a><\/div>[\/vc_column][vc_column css_animation=&#8221;fadeInRight&#8221; width=&#8221;1\/2&#8243;][vc_column_text]<\/p>\n<h3 style=\"text-align: left;\">Pourquoi Choisir l\u2019Espagne ?<\/h3>\n<p>[\/vc_column_text][vc_column_text]<em>Chaque ann\u00e9e\u00a0ce sont\u00a0des milliers de Marocains qui choisissent d\u2019aller en Espagne pour poursuivre leurs \u00e9tudes sup\u00e9rieures.\u00a0<\/em><\/p>\n<p>Climat agr\u00e9able, esprit festif, langue facilement accessible&#8230; Les atouts de l&#8217;Espagne sont nombreux pour les \u00e9tudiants marocains en qu\u00eate d\u2019une exp\u00e9rience internationale. De\u200b \u200bplus, \u200b \u200ble\u200b \u200bco\u00fbt\u200b \u200bde\u200b \u200bla\u200b \u200bvie\u200b \u200by\u200b \u200best\u200b \u200btout\u200b \u200b\u00e0\u200b \u200bfait\u200b \u200babordable.<\/p>\n<p>Quand on pense aux \u00e9tudes en Espagne, on imagine que l\u2019on va \u00e9tudier en Espagnol mais il est tout \u00e0 fait possible de suivre une formation en Anglais si tel est votre souhait. Les \u00e9tudiants marocains d\u00e9couvrent chaque ann\u00e9e la diversit\u00e9 et les avantages les plus importants des\u00a0\u00e9tudes en Espagne.<\/p>\n<p>Ainsi ils auront toujours la possibilit\u00e9 de choisir leur langue d\u2019\u00e9tudes entre l\u2019espagnol et l\u2019anglais. Si l\u2019\u00e9tudiant choisit l\u2019anglais comme langue de formation en Espagne,\u00a0le choix d\u2019int\u00e9grer une formation de langue espagnole ou simplement l\u2019apprendre par soi-m\u00eame est toujours possible.<\/p>\n<p>\u00c0 part ces avantages-l\u00e0, les \u00e9tudiants ont beaucoup de choix lorsqu\u2019il est question d\u2019\u00e9tudes en Espagne, et ce peu importe la sp\u00e9cialit\u00e9 d\u2019\u00e9tudes que l\u2019\u00e9tudiant choisit, il profitera de la stabilit\u00e9 de sa nouvelle destination et de son int\u00e9gration dans la culture espagnole.[\/vc_column_text][\/vc_column][\/vc_row][vc_row equal_height=&#8221;yes&#8221; content_placement=&#8221;middle&#8221;][vc_column][vc_empty_space height=&#8221;100px&#8221;][\/vc_column][\/vc_row][vc_row equal_height=&#8221;yes&#8221; content_placement=&#8221;middle&#8221; el_id=&#8221;uk&#8221;][vc_column css_animation=&#8221;fadeInLeft&#8221; width=&#8221;1\/2&#8243;][vc_column_text]<\/p>\n<h3 style=\"text-align: left;\">Pourquoi Choisir le Royaume Uni ?<\/h3>\n<p>[\/vc_column_text][vc_column_text]L\u2019envie d\u2019\u00e9tudier\u00a0en\u00a0Royaume-Uni\u00a0devient de plus en plus r\u00e9pandue chez les jeunes bacheliers marocains vu que le pays poss\u00e8de des \u00e9tablissements d\u2019enseignement sup\u00e9rieur les plus influents et les plus r\u00e9put\u00e9s au monde entier \u00e0 savoir les universit\u00e9s d\u2019Oxford, de Cambridge, ou celle de College de Londres.<\/p>\n<p>Ceci est aussi d\u00fb \u00e0 l\u2019influence que poss\u00e8de le\u00a0Royaume-Uni\u00a0sur le reste du monde notamment par sa langue, sa culture, son \u00e9conomie etc. Contrairement \u00e0 ce que l\u2019on entend, le\u00a0Royaume-Uni\u00a0ne d\u00e9signe pas la Grande Bretagne ou l\u2019Angleterre seulement. En effet le\u00a0Royaume-Uni\u00a0est compos\u00e9 de quatre nations constitutives \u00e0 savoir l\u2019Angleterre, l\u2019Ecosse, le Pays de Galles et l\u2019Irlande du Nord.<\/p>\n<p>Etudier au Royaume-Uni vous permet de recevoir une \u00e9ducation de renomm\u00e9e mondiale, d\u2019avoir des qualifications reconnues \u00e0 l\u2019\u00e9chelle internationale et d\u2019excellentes perspectives de carri\u00e8re. Le\u00a0Royaume-Uni\u00a0poss\u00e8de un syst\u00e8me d\u2019\u00e9ducation souple semi-public tr\u00e8s \u00e9tendu et bien d\u00e9velopp\u00e9. Le choix est tr\u00e8s vaste: des universit\u00e9s traditionnelles \u00e9tablies au centre-ville, aux campus universitaires situ\u00e9s dans des paysages verdoyants ou des universit\u00e9s plus r\u00e9centes proposant des cursus innovants et flexibles.<\/p>\n<p>Le Royaume-Uni est bien connu comme la patrie des ic\u00f4nes culturelles de Hamlet \u00e0 Harry Potter et peu importe ce que vous cherchez, vous pourrez le trouver ici.\u00a0De la vie nocturne[\/vc_column_text][\/vc_column][vc_column css_animation=&#8221;fadeInRight&#8221; width=&#8221;1\/2&#8243;][vc_single_image image=&#8221;298&#8243; img_size=&#8221;full&#8221;]<div class=\"cq-bgbutton-container  rangee1btn1 cq-bgbutton-aligncenter\" data-buttonimage=\"\" data-startcolor=\"#654790\" data-endcolor=\"#a82c84\" data-fontsize=\"18px\" data-iconcolor=\"#ffffff\" data-textcolor=\"#ffffff\" data-icon2size=\"\" data-linktype=\"customlink\" data-lightboxmargin=\"\" data-videowidth=\"640\" data-tooltip=\"\" data-istooltip=\"\" data-autoclose=\"\" data-iconanimation=\"style2\" data-minwidth=\"\" data-tooltipanimation=\"\" data-autoloaded=\"\"><a href=\"https:\/\/atsaero.ma\/atlasuniservices\/contactez-nous\/\" title=\"\" target=\"\" class=\"cq-bgbutton roundsmall cq-bgbutton-link vc_custom_1675017186415 cq-bgbutton-style2\"><i class=\"cq-bgbutton-icon1 cq-bgbutton-iconleft fas fa-envelope\"><\/i>Envoyez-nous un message<i class=\"cq-bgbutton-icon2 cq-bgbutton-iconright fas fa-envelope\"><\/i><\/a><\/div><div class=\"cq-bgbutton-container  rangee1btn2 mrgtel cq-bgbutton-aligncenter\" data-buttonimage=\"\" data-startcolor=\"#654790\" data-endcolor=\"#a82c84\" data-fontsize=\"18px\" data-iconcolor=\"#ffffff\" data-textcolor=\"#ffffff\" data-icon2size=\"\" data-linktype=\"customlink\" data-lightboxmargin=\"\" data-videowidth=\"640\" data-tooltip=\"\" data-istooltip=\"\" data-autoclose=\"\" data-iconanimation=\"style2\" data-minwidth=\"\" data-tooltipanimation=\"\" data-autoloaded=\"\"><a href=\"tel:0522212324\" title=\"\" target=\"\" class=\"cq-bgbutton roundsmall cq-bgbutton-link vc_custom_1675017272287 cq-bgbutton-style2\"><i class=\"cq-bgbutton-icon1 cq-bgbutton-iconleft fas fa-phone-alt\"><\/i>Appelez-nous<i class=\"cq-bgbutton-icon2 cq-bgbutton-iconright fas fa-phone-alt\"><\/i><\/a><\/div>[\/vc_column][\/vc_row]<\/p>\n<\/section>","protected":false},"excerpt":{"rendered":"<p>[vc_row disable_element=&#8221;yes&#8221;][vc_column][vc_column_text] Nos Destinations [\/vc_column_text][\/vc_column][\/vc_row][vc_row equal_height=&#8221;yes&#8221; content_placement=&#8221;middle&#8221; el_id=&#8221;canada&#8221;][vc_column css_animation=&#8221;fadeInLeft&#8221; width=&#8221;1\/2&#8243;][vc_column_text] Pourquoi Choisir le Canada ? [\/vc_column_text][vc_column_text]Il existe beaucoup de raisons pour lesquelles plus de 400,000 \u00e9tudiants<span class=\"excerpt-hellip\"> [\u2026]<\/span><\/p>\n","protected":false},"author":1,"featured_media":0,"parent":0,"menu_order":0,"comment_status":"closed","ping_status":"closed","template":"","meta":{"pagelayer_contact_templates":[],"_pagelayer_content":"","footnotes":""},"class_list":["post-176","page","type-page","status-publish","hentry"],"jetpack_sharing_enabled":true,"_links":{"self":[{"href":"https:\/\/atsaero.ma\/atlasuniservices\/wp-json\/wp\/v2\/pages\/176","targetHints":{"allow":["GET"]}}],"collection":[{"href":"https:\/\/atsaero.ma\/atlasuniservices\/wp-json\/wp\/v2\/pages"}],"about":[{"href":"https:\/\/atsaero.ma\/atlasuniservices\/wp-json\/wp\/v2\/types\/page"}],"author":[{"embeddable":true,"href":"https:\/\/atsaero.ma\/atlasuniservices\/wp-json\/wp\/v2\/users\/1"}],"replies":[{"embeddable":true,"href":"https:\/\/atsaero.ma\/atlasuniservices\/wp-json\/wp\/v2\/comments?post=176"}],"version-history":[{"count":20,"href":"https:\/\/atsaero.ma\/atlasuniservices\/wp-json\/wp\/v2\/pages\/176\/revisions"}],"predecessor-version":[{"id":388,"href":"https:\/\/atsaero.ma\/atlasuniservices\/wp-json\/wp\/v2\/pages\/176\/revisions\/388"}],"wp:attachment":[{"href":"https:\/\/atsaero.ma\/atlasuniservices\/wp-json\/wp\/v2\/media?parent=176"}],"curies":[{"name":"wp","href":"https:\/\/api.w.org\/{rel}","templated":true}]}}