{"id":109,"date":"2023-01-15T23:03:28","date_gmt":"2023-01-15T23:03:28","guid":{"rendered":"https:\/\/atsaero.ma\/atlasuniservices\/?page_id=109"},"modified":"2023-02-01T20:05:48","modified_gmt":"2023-02-01T20:05:48","slug":"accueil-2","status":"publish","type":"page","link":"https:\/\/atsaero.ma\/atlasuniservices\/","title":{"rendered":"Accueil"},"content":{"rendered":"<section class=\"wpb-content-wrapper\"><p>[vc_row full_width=&#8221;stretch_row&#8221; equal_height=&#8221;yes&#8221; content_placement=&#8221;middle&#8221; css_animation=&#8221;none&#8221; css=&#8221;.vc_custom_1674937492777{background-image: url(https:\/\/atsaero.ma\/atlasuniservices\/wp-content\/uploads\/2023\/01\/bg1-scaled.jpg?id=111) !important;background-position: center !important;background-repeat: no-repeat !important;background-size: cover !important;}&#8221; el_class=&#8221;rangee1&#8243;][vc_column css_animation=&#8221;fadeInLeft&#8221; width=&#8221;1\/3&#8243;][vc_single_image image=&#8221;409&#8243; img_size=&#8221;350&#215;656&#8243; el_class=&#8221;imgrangee1 dspnone&#8221;][\/vc_column][vc_column css_animation=&#8221;fadeInRight&#8221; width=&#8221;2\/3&#8243; el_class=&#8221;nosdestinations&#8221;][vc_column_text]<\/p>\n<h2 style=\"text-align: center;\">Nos Destinations<\/h2>\n<p>[\/vc_column_text][vc_column_text]<\/p>\n<p style=\"text-align: center;\">Atlas University Services est une agence sp\u00e9cialis\u00e9e dans le conseil en \u00e9ducation et choix de parcours scolaire pour les \u00e9tudes sup\u00e9rieurs mais nous proposons \u00e9galement des s\u00e9jours linguistiques de courtes dur\u00e9es afin d\u2019am\u00e9liorer vos comp\u00e9tences linguistiques.<\/p>\n<p>[\/vc_column_text][vc_row_inner][vc_column_inner width=&#8221;1\/3&#8243;][vc_single_image image=&#8221;412&#8243; img_size=&#8221;full&#8221; alignment=&#8221;center&#8221; onclick=&#8221;custom_link&#8221; link=&#8221;https:\/\/atsaero.ma\/atlasuniservices\/nos-destinations\/#canada&#8221; el_class=&#8221;hvr-bob&#8221;][\/vc_column_inner][vc_column_inner width=&#8221;1\/3&#8243;][vc_single_image image=&#8221;413&#8243; img_size=&#8221;full&#8221; alignment=&#8221;center&#8221; onclick=&#8221;custom_link&#8221; link=&#8221;https:\/\/atsaero.ma\/atlasuniservices\/nos-destinations\/#uk&#8221; el_class=&#8221;hvr-bob&#8221;][\/vc_column_inner][vc_column_inner width=&#8221;1\/3&#8243;][vc_single_image image=&#8221;411&#8243; img_size=&#8221;full&#8221; alignment=&#8221;center&#8221; onclick=&#8221;custom_link&#8221; link=&#8221;https:\/\/atsaero.ma\/atlasuniservices\/nos-destinations\/#spain&#8221; el_class=&#8221;hvr-bob&#8221;][\/vc_column_inner][vc_column_inner width=&#8221;1\/2&#8243;]<div class=\"cq-bgbutton-container  rangee1btn1 cq-bgbutton-aligncenter\" data-buttonimage=\"\" data-startcolor=\"#654790\" data-endcolor=\"#a82c84\" data-fontsize=\"18px\" data-iconcolor=\"#ffffff\" data-textcolor=\"#ffffff\" data-icon2size=\"\" data-linktype=\"customlink\" data-lightboxmargin=\"\" data-videowidth=\"640\" data-tooltip=\"\" data-istooltip=\"\" data-autoclose=\"\" data-iconanimation=\"style2\" data-minwidth=\"\" data-tooltipanimation=\"\" data-autoloaded=\"\"><a href=\"https:\/\/atsaero.ma\/atlasuniservices\/contactez-nous\/\" title=\"\" target=\"\" class=\"cq-bgbutton roundsmall cq-bgbutton-link vc_custom_1675017186415 cq-bgbutton-style2\"><i class=\"cq-bgbutton-icon1 cq-bgbutton-iconleft fas fa-envelope\"><\/i>Envoyez-nous un message<i class=\"cq-bgbutton-icon2 cq-bgbutton-iconright fas fa-envelope\"><\/i><\/a><\/div>[\/vc_column_inner][vc_column_inner width=&#8221;1\/2&#8243;]<div class=\"cq-bgbutton-container  rangee1btn2 mrgtel cq-bgbutton-aligncenter\" data-buttonimage=\"\" data-startcolor=\"#654790\" data-endcolor=\"#a82c84\" data-fontsize=\"18px\" data-iconcolor=\"#ffffff\" data-textcolor=\"#ffffff\" data-icon2size=\"\" data-linktype=\"customlink\" data-lightboxmargin=\"\" data-videowidth=\"640\" data-tooltip=\"\" data-istooltip=\"\" data-autoclose=\"\" data-iconanimation=\"style2\" data-minwidth=\"\" data-tooltipanimation=\"\" data-autoloaded=\"\"><a href=\"tel:0522212324\" title=\"\" target=\"\" class=\"cq-bgbutton roundsmall cq-bgbutton-link vc_custom_1675017272287 cq-bgbutton-style2\"><i class=\"cq-bgbutton-icon1 cq-bgbutton-iconleft fas fa-phone-alt\"><\/i>Appelez-nous<i class=\"cq-bgbutton-icon2 cq-bgbutton-iconright fas fa-phone-alt\"><\/i><\/a><\/div>[\/vc_column_inner][\/vc_row_inner][\/vc_column][\/vc_row][vc_row full_width=&#8221;stretch_row&#8221; css_animation=&#8221;fadeInRight&#8221; css=&#8221;.vc_custom_1674681570722{background-color: #ebebeb !important;}&#8221; el_id=&#8221;nosprogrammes&#8221;][vc_column css_animation=&#8221;fadeInLeft&#8221;][vc_column_text el_class=&#8221;sejourmrg&#8221;]<\/p>\n<h2 style=\"text-align: center;\">Nos programmes<\/h2>\n<p>[\/vc_column_text][vc_column_text]<\/p>\n<p style=\"text-align: center;\">Les universit\u00e9s repr\u00e9sent\u00e9es par Agence Atlas proposent des programmes d\u2019\u00e9tudes dans tous les domaines acad\u00e9miques. Notre \u00e9quipe vous accompagnera afin de faire de votre choix de cursus votre premier pas vers la r\u00e9ussite\u00a0!<\/p>\n<p>[\/vc_column_text][vc_empty_space height=&#8221;20px&#8221;][\/vc_column][\/vc_row][vc_row full_width=&#8221;stretch_row&#8221; css_animation=&#8221;none&#8221; css=&#8221;.vc_custom_1674597503683{background-color: #ebebeb !important;}&#8221; el_class=&#8221;rangee2&#8243;][vc_column css_animation=&#8221;none&#8221; width=&#8221;1\/3&#8243; el_class=&#8221;programes sejour&#8221;][vc_single_image image=&#8221;415&#8243; img_size=&#8221;full&#8221; alignment=&#8221;center&#8221; onclick=&#8221;custom_link&#8221; css_animation=&#8221;flipInX&#8221; link=&#8221;https:\/\/atsaero.ma\/atlasuniservices\/sejours-linguistiques\/&#8221;][vc_column_text css_animation=&#8221;fadeInDown&#8221; el_class=&#8221;sejourmrg&#8221;]<\/p>\n<h3 class=\"programh3\" style=\"text-align: center;\"><a href=\"https:\/\/atsaero.ma\/atlasuniservices\/sejours-linguistiques\/\">S\u00e9jours linguistiques<\/a><\/h3>\n<p>[\/vc_column_text][\/vc_column][vc_column width=&#8221;1\/3&#8243; el_class=&#8221;programes bachelor&#8221;][vc_single_image image=&#8221;416&#8243; img_size=&#8221;full&#8221; alignment=&#8221;center&#8221; onclick=&#8221;custom_link&#8221; css_animation=&#8221;flipInX&#8221; link=&#8221;https:\/\/atsaero.ma\/atlasuniservices\/bachelor\/&#8221;][vc_column_text css_animation=&#8221;fadeInDown&#8221; el_class=&#8221;sejourmrg&#8221;]<\/p>\n<h3 style=\"text-align: center;\"><a href=\"https:\/\/atsaero.ma\/atlasuniservices\/bachelor\/\">Bachelor<\/a><\/h3>\n<p>[\/vc_column_text][\/vc_column][vc_column width=&#8221;1\/3&#8243; el_class=&#8221;programes master&#8221;][vc_single_image image=&#8221;414&#8243; img_size=&#8221;full&#8221; alignment=&#8221;center&#8221; onclick=&#8221;custom_link&#8221; css_animation=&#8221;flipInX&#8221; link=&#8221;https:\/\/atsaero.ma\/atlasuniservices\/master\/&#8221;][vc_column_text css_animation=&#8221;fadeInDown&#8221; el_class=&#8221;sejourmrg&#8221;]<\/p>\n<h3 style=\"text-align: center;\"><a href=\"https:\/\/atsaero.ma\/atlasuniservices\/master\/\">Master<\/a><\/h3>\n<p>[\/vc_column_text][\/vc_column][\/vc_row][vc_row full_width=&#8221;stretch_row&#8221; css=&#8221;.vc_custom_1674512798779{background-color: #ebebeb !important;}&#8221; el_id=&#8221;services&#8221;][vc_column][vc_column_text]<\/p>\n<h2 style=\"text-align: center;\">Nos services<\/h2>\n<p style=\"text-align: center;\"><span class=\"proceduretitle\" style=\"text-align: center;\">Proc\u00e9dure rapide et simple en 6 \u00e9tapes<\/span><\/p>\n<p>[\/vc_column_text][\/vc_column][\/vc_row][vc_row full_width=&#8221;stretch_row_content&#8221; css=&#8221;.vc_custom_1674160509664{background-color: #ebebeb !important;}&#8221; el_class=&#8221;rangee3&#8243;][vc_column css_animation=&#8221;flipInX&#8221; width=&#8221;1\/3&#8243; el_class=&#8221;bg1 firstbox&#8221;][vc_single_image image=&#8221;145&#8243; img_size=&#8221;full&#8221; el_class=&#8221;rangee2img&#8221;][vc_single_image image=&#8221;396&#8243; img_size=&#8221;full&#8221; alignment=&#8221;center&#8221; el_class=&#8221;rangee2icon&#8221;][vc_column_text el_class=&#8221;rangee2texte&#8221;]<\/p>\n<h4 style=\"text-align: center;\">Contact<\/h4>\n<p style=\"text-align: center;\">Prise de contact par t\u00e9l\u00e9phone ou par le remplissage du formulaire<\/p>\n<p>[\/vc_column_text][\/vc_column][vc_column css_animation=&#8221;flipInX&#8221; width=&#8221;1\/3&#8243; el_class=&#8221;bg1&#8243;][vc_single_image image=&#8221;151&#8243; img_size=&#8221;full&#8221; el_class=&#8221;rangee2img&#8221;][vc_single_image image=&#8221;395&#8243; img_size=&#8221;full&#8221; alignment=&#8221;center&#8221; el_class=&#8221;rangee2icon&#8221;][vc_column_text el_class=&#8221;rangee2texte&#8221;]<\/p>\n<h4 style=\"text-align: center;\">Consultation gratuite<\/h4>\n<p style=\"text-align: center;\">Consultation aupr\u00e8s d\u2019un de nos conseiller pour une s\u00e9ance d\u2019orientation qui permettra de dresser ton profil<\/p>\n<p>[\/vc_column_text][\/vc_column][vc_column css_animation=&#8221;flipInX&#8221; width=&#8221;1\/3&#8243; el_class=&#8221;bg1&#8243;][vc_single_image image=&#8221;152&#8243; img_size=&#8221;full&#8221; el_class=&#8221;rangee2img&#8221;][vc_single_image image=&#8221;397&#8243; img_size=&#8221;full&#8221; alignment=&#8221;center&#8221; el_class=&#8221;rangee2icon&#8221;][vc_column_text el_class=&#8221;rangee2texte&#8221;]<\/p>\n<h4 style=\"text-align: center;\">Analyse du dossier \u00e9tudiant<\/h4>\n<p style=\"text-align: center;\">R\u00e9sultat en moins de 24 heures pour obtenir les options d\u2019\u00e9tudes pour chaque \u00e9tudiant bas\u00e9 sur ses pr\u00e9f\u00e9rences et en coh\u00e9rence avec son parcours<\/p>\n<p>[\/vc_column_text][\/vc_column][vc_column css_animation=&#8221;flipInX&#8221; width=&#8221;1\/3&#8243; el_class=&#8221;bg1&#8243;][vc_single_image image=&#8221;153&#8243; img_size=&#8221;full&#8221; el_class=&#8221;rangee2img&#8221;][vc_single_image image=&#8221;168&#8243; img_size=&#8221;full&#8221; alignment=&#8221;center&#8221; el_class=&#8221;rangee2icon&#8221;][vc_column_text el_class=&#8221;rangee2texte&#8221;]<\/p>\n<h4 style=\"text-align: center;\">Admission<\/h4>\n<p style=\"text-align: center;\">Souscription aupr\u00e8s des \u00e9tablissements choisis par l\u2019\u00e9tudiant et son conseiller<\/p>\n<p>[\/vc_column_text][\/vc_column][vc_column css_animation=&#8221;flipInX&#8221; width=&#8221;1\/3&#8243; el_class=&#8221;bg1&#8243;][vc_single_image image=&#8221;150&#8243; img_size=&#8221;full&#8221; el_class=&#8221;rangee2img&#8221;][vc_single_image image=&#8221;167&#8243; img_size=&#8221;full&#8221; alignment=&#8221;center&#8221; el_class=&#8221;rangee2icon&#8221;][vc_column_text el_class=&#8221;rangee2texte&#8221;]<\/p>\n<h4 style=\"text-align: center;\">Permis d\u2019\u00e9tudes<\/h4>\n<p style=\"text-align: center;\">Aide administrative et accompagnement complet pour l\u2019obtention de votre Visa\/ Permis d\u2019\u00e9tudes<\/p>\n<p>[\/vc_column_text][\/vc_column][vc_column css_animation=&#8221;flipInX&#8221; width=&#8221;1\/3&#8243; el_class=&#8221;bg1&#8243;][vc_single_image image=&#8221;172&#8243; img_size=&#8221;full&#8221; el_class=&#8221;rangee2img&#8221;][vc_single_image image=&#8221;398&#8243; img_size=&#8221;full&#8221; alignment=&#8221;center&#8221; el_class=&#8221;rangee2icon&#8221;][vc_column_text el_class=&#8221;rangee2texte&#8221;]<\/p>\n<h4 style=\"text-align: center;\">Suivi<\/h4>\n<p style=\"text-align: center;\">On offre \u00e9galement notre aide en se chargeant de payer une session scolaire \u00e0 l\u2019avance, l\u2019ouverture de votre compte bancaire (au Canada uniquement), l\u2019accueil \u00e0 votre arriv\u00e9e \u00e0 l\u2019a\u00e9roport, l\u2019aide au logement, etc.<\/p>\n<p>[\/vc_column_text][\/vc_column][\/vc_row][vc_row gap=&#8221;35&#8243; equal_height=&#8221;yes&#8221; content_placement=&#8221;middle&#8221; el_class=&#8221;rangee4&#8243;][vc_column css_animation=&#8221;fadeInLeft&#8221; width=&#8221;1\/4&#8243;][vc_column_text el_class=&#8221;etranger&#8221;]<\/p>\n<h2 class=\"realisationstitre\" style=\"text-align: center;\">Nos r\u00e9alisations<\/h2>\n<p>[\/vc_column_text][\/vc_column][vc_column css_animation=&#8221;fadeInRight&#8221; width=&#8221;3\/4&#8243;][vc_row_inner el_class=&#8221;boxrose&#8221;][vc_column_inner width=&#8221;1\/4&#8243;][vc_raw_html]JTNDZGl2JTIwY2xhc3MlM0QlMjJ3cHNtX2NvdW50ZXJib3glMjIlM0UlMEElM0NkaXYlMjBjbGFzcyUzRCUyMndwc21fbnVtYmVyJTIyJTIwc3R5bGUlM0QlMjIlMjM1YzFkOTUlMjIlM0UlMEElM0NzcGFuJTIwY2xhc3MlM0QlMjJjb3VudGVyJTIyJTNFMTAwMCUzQyUyRnNwYW4lM0UlM0NzcGFuJTIwY2xhc3MlM0QlMjJwbHVzcmVhJTIyJTNFJTJCJTNDJTJGc3BhbiUzRSUwQSUzQyUyRmRpdiUzRSUwQSUzQ2gzJTIwY2xhc3MlM0QlMjJ3cHNtX2NvdW50LXRpdGxlJTIyJTIwJTIzNWMxZDk1JTNEJTIyJTIyJTNFJTIwRG9zc2llcnMlMjB0cmFpdCVDMyVBOXMlM0MlMkZoMyUzRSUwQSUzQyUyRmRpdiUzRQ==[\/vc_raw_html][\/vc_column_inner][vc_column_inner width=&#8221;1\/4&#8243;][vc_raw_html]JTNDZGl2JTIwY2xhc3MlM0QlMjJ3cHNtX2NvdW50ZXJib3glMjIlM0UlMEElM0NkaXYlMjBjbGFzcyUzRCUyMndwc21fbnVtYmVyJTIyJTIwc3R5bGUlM0QlMjIlMjM1YzFkOTUlMjIlM0UlMEElM0NzcGFuJTIwY2xhc3MlM0QlMjJjb3VudGVyJTIyJTNFNDAlM0MlMkZzcGFuJTNFJTNDc3BhbiUyMGNsYXNzJTNEJTIycGx1c3JlYSUyMiUzRSUyQiUzQyUyRnNwYW4lM0UlMEElM0MlMkZkaXYlM0UlMEElM0NoMyUyMGNsYXNzJTNEJTIyd3BzbV9jb3VudC10aXRsZSUyMiUyMCUyMzVjMWQ5NSUzRCUyMiUyMiUzRSUyMERlc3RpbmF0aW9ucyUzQyUyRmgzJTNFJTBBJTNDJTJGZGl2JTNF[\/vc_raw_html][\/vc_column_inner][vc_column_inner width=&#8221;1\/4&#8243;][vc_raw_html]JTNDZGl2JTIwY2xhc3MlM0QlMjJ3cHNtX2NvdW50ZXJib3glMjIlM0UlMEElM0NkaXYlMjBjbGFzcyUzRCUyMndwc21fbnVtYmVyJTIyJTIwc3R5bGUlM0QlMjIlMjM1YzFkOTUlMjIlM0UlMEElM0NzcGFuJTIwY2xhc3MlM0QlMjJjb3VudGVyJTIyJTNFMTAwJTNDJTJGc3BhbiUzRSUzQ3NwYW4lMjBjbGFzcyUzRCUyMnBsdXNyZWElMjIlM0UlMkIlM0MlMkZzcGFuJTNFJTNDJTJGZGl2JTNFJTBBJTNDaDMlMjBjbGFzcyUzRCUyMndwc21fY291bnQtdGl0bGUlMjIlMjAlMjM1YzFkOTUlM0QlMjIlMjIlM0VQcm9ncmFtbWVzJTNDJTJGaDMlM0UlMEElM0MlMkZkaXYlM0U=[\/vc_raw_html][\/vc_column_inner][vc_column_inner width=&#8221;1\/4&#8243;][vc_raw_html]JTNDZGl2JTIwY2xhc3MlM0QlMjJ3cHNtX2NvdW50ZXJib3glMjIlM0UlMEElM0NkaXYlMjBjbGFzcyUzRCUyMndwc21fbnVtYmVyJTIyJTIwc3R5bGUlM0QlMjIlMjM1YzFkOTUlMjIlM0UlMEElM0NzcGFuJTIwY2xhc3MlM0QlMjJjb3VudGVyJTIyJTNFMTAlM0MlMkZzcGFuJTNFJTIwJTNDc3BhbiUyMHN0eWxlJTNEJTIyZm9udC1zaXplJTNBJTIwMC42ZW0lM0IlMjBtYXJnaW4tbGVmdCUzQSUyMC0yM3B4JTNCJTIwbWFyZ2luLXJpZ2h0JTNBJTIwMTNweCUzQiUyMHBvc2l0aW9uJTNBJTIwcmVsYXRpdmUlM0IlMjB0b3AlM0ElMjAtNnB4JTNCJTIyJTNFJTIwYW5zJTNDJTJGc3BhbiUzRSUyMCUzQ3NwYW4lMjBjbGFzcyUzRCUyMnBsdXNyZWElMjIlM0UlMkIlM0MlMkZzcGFuJTNFJTBBJTNDJTJGZGl2JTNFJTBBJTNDaDMlMjBjbGFzcyUzRCUyMndwc21fY291bnQtdGl0bGUlMjIlMjAlMjM1YzFkOTUlM0QlMjIlMjIlM0UlMjBFeHAlQzMlQTlyaWVuY2VzJTNDJTJGaDMlM0UlMEElM0MlMkZkaXYlM0U=[\/vc_raw_html][\/vc_column_inner][\/vc_row_inner][\/vc_column][\/vc_row][vc_row css=&#8221;.vc_custom_1674766647419{padding-top: 100px !important;}&#8221;][vc_column][vc_column_text el_class=&#8221;sejourmrg&#8221;]<\/p>\n<h2 style=\"text-align: center;\">Formulaire de contact<\/h2>\n<p>[\/vc_column_text][vc_column_text css=&#8221;.vc_custom_1674766655581{margin-top: -30px !important;}&#8221;]<\/p>\n<p style=\"text-align: center;\">Envoyez-nous toutes vos questions, notre priorit\u00e9 c\u2019est vous<\/p>\n<p>[\/vc_column_text][vc_column_text]<div class=\"wpforms-container wpforms-container-full\" id=\"wpforms-244\"><form id=\"wpforms-form-244\" class=\"wpforms-validate wpforms-form wpforms-ajax-form\" data-formid=\"244\" method=\"post\" enctype=\"multipart\/form-data\" action=\"\/atlasuniservices\/wp-json\/wp\/v2\/pages\/109\" data-token=\"49001f02135cbaf8901a05b3fb3ed8e2\"><noscript class=\"wpforms-error-noscript\">Please enable JavaScript in your browser to complete this form.<\/noscript><div class=\"wpforms-field-container\"><div id=\"wpforms-244-field_7-container\" class=\"wpforms-field wpforms-field-text wpforms-one-half wpforms-first\" data-field-id=\"7\"><label class=\"wpforms-field-label\" for=\"wpforms-244-field_7\">Nom <span class=\"wpforms-required-label\">*<\/span><\/label><input type=\"text\" id=\"wpforms-244-field_7\" class=\"wpforms-field-large wpforms-field-required\" name=\"wpforms[fields][7]\" required><\/div><div id=\"wpforms-244-field_8-container\" class=\"wpforms-field wpforms-field-text wpforms-one-half\" data-field-id=\"8\"><label class=\"wpforms-field-label\" for=\"wpforms-244-field_8\">Pr\u00e9nom <span class=\"wpforms-required-label\">*<\/span><\/label><input type=\"text\" id=\"wpforms-244-field_8\" class=\"wpforms-field-large wpforms-field-required\" name=\"wpforms[fields][8]\" required><\/div><div id=\"wpforms-244-field_2-container\" class=\"wpforms-field wpforms-field-phone wpforms-one-half wpforms-first\" data-field-id=\"2\"><label class=\"wpforms-field-label\" for=\"wpforms-244-field_2\">T\u00e9l\u00e9phone <span class=\"wpforms-required-label\">*<\/span><\/label><input type=\"tel\" id=\"wpforms-244-field_2\" class=\"wpforms-field-large wpforms-field-required wpforms-smart-phone-field\" data-rule-smart-phone-field=\"true\" name=\"wpforms[fields][2]\" required><\/div><div id=\"wpforms-244-field_6-container\" class=\"wpforms-field wpforms-field-text wpforms-one-half\" data-field-id=\"6\"><label class=\"wpforms-field-label\" for=\"wpforms-244-field_6\">Ville <span class=\"wpforms-required-label\">*<\/span><\/label><input type=\"text\" id=\"wpforms-244-field_6\" class=\"wpforms-field-large wpforms-field-required\" name=\"wpforms[fields][6]\" required><\/div><div id=\"wpforms-244-field_3-container\" class=\"wpforms-field wpforms-field-email\" data-field-id=\"3\"><label class=\"wpforms-field-label\" for=\"wpforms-244-field_3\">E-mail <span class=\"wpforms-required-label\">*<\/span><\/label><input type=\"email\" id=\"wpforms-244-field_3\" class=\"wpforms-field-large wpforms-field-required\" name=\"wpforms[fields][3]\" required><\/div><div id=\"wpforms-244-field_5-container\" class=\"wpforms-field wpforms-field-select wpforms-field-select-style-modern\" data-field-id=\"5\"><label class=\"wpforms-field-label\" for=\"wpforms-244-field_5\">Votre niveau scolaire  <span class=\"wpforms-required-label\">*<\/span><\/label><select id=\"wpforms-244-field_5\" class=\"wpforms-field-large wpforms-field-required choicesjs-select\" data-size-class=\"wpforms-field-row wpforms-field-large\" data-search-enabled=\"\" name=\"wpforms[fields][5]\" required=\"required\"><option value=\"\" class=\"placeholder\" disabled  selected='selected'>Baccalaureat<\/option><option value=\"Baccalaureat\" >Baccalaureat<\/option><option value=\"Bac+1\" >Bac+1<\/option><option value=\"Bac+2\" >Bac+2<\/option><option value=\"Bac+3\" >Bac+3<\/option><option value=\"Bac+4\" >Bac+4<\/option><option value=\"Bac+5\" >Bac+5<\/option><\/select><\/div><div id=\"wpforms-244-field_4-container\" class=\"wpforms-field wpforms-field-textarea\" data-field-id=\"4\"><label class=\"wpforms-field-label\" for=\"wpforms-244-field_4\">Message <span class=\"wpforms-required-label\">*<\/span><\/label><textarea id=\"wpforms-244-field_4\" class=\"wpforms-field-large wpforms-field-required\" name=\"wpforms[fields][4]\" placeholder=\"Quel est votre besoin ? \" required><\/textarea><\/div><\/div><div class=\"wpforms-submit-container\"><input type=\"hidden\" name=\"wpforms[id]\" value=\"244\"><input type=\"hidden\" name=\"wpforms[author]\" value=\"1\"><button type=\"submit\" name=\"wpforms[submit]\" id=\"wpforms-submit-244\" class=\"wpforms-submit\" data-alt-text=\"Envoi...\" data-submit-text=\"Envoyer\" aria-live=\"assertive\" value=\"wpforms-submit\">Envoyer<\/button><img loading=\"lazy\" decoding=\"async\" src=\"https:\/\/atsaero.ma\/atlasuniservices\/wp-content\/plugins\/wpforms\/assets\/images\/submit-spin.svg\" class=\"wpforms-submit-spinner\" style=\"display: none;\" width=\"26\" height=\"26\" alt=\"\"><\/div><\/form><\/div>  <!-- .wpforms-container -->[\/vc_column_text][\/vc_column][\/vc_row]<\/p>\n<\/section>","protected":false},"excerpt":{"rendered":"<p>[vc_row full_width=&#8221;stretch_row&#8221; equal_height=&#8221;yes&#8221; content_placement=&#8221;middle&#8221; css_animation=&#8221;none&#8221; css=&#8221;.vc_custom_1674937492777{background-image: url(https:\/\/atsaero.ma\/atlasuniservices\/wp-content\/uploads\/2023\/01\/bg1-scaled.jpg?id=111) !important;background-position: center !important;background-repeat: no-repeat !important;background-size: cover !important;}&#8221; el_class=&#8221;rangee1&#8243;][vc_column css_animation=&#8221;fadeInLeft&#8221; width=&#8221;1\/3&#8243;][vc_single_image image=&#8221;409&#8243; img_size=&#8221;350&#215;656&#8243; el_class=&#8221;imgrangee1 dspnone&#8221;][\/vc_column][vc_column css_animation=&#8221;fadeInRight&#8221; width=&#8221;2\/3&#8243; el_class=&#8221;nosdestinations&#8221;][vc_column_text] Nos Destinations<span class=\"excerpt-hellip\"> [\u2026]<\/span><\/p>\n","protected":false},"author":1,"featured_media":0,"parent":0,"menu_order":0,"comment_status":"closed","ping_status":"closed","template":"","meta":{"pagelayer_contact_templates":[],"_pagelayer_content":"","footnotes":""},"class_list":["post-109","page","type-page","status-publish","hentry"],"jetpack_sharing_enabled":true,"_links":{"self":[{"href":"https:\/\/atsaero.ma\/atlasuniservices\/wp-json\/wp\/v2\/pages\/109","targetHints":{"allow":["GET"]}}],"collection":[{"href":"https:\/\/atsaero.ma\/atlasuniservices\/wp-json\/wp\/v2\/pages"}],"about":[{"href":"https:\/\/atsaero.ma\/atlasuniservices\/wp-json\/wp\/v2\/types\/page"}],"author":[{"embeddable":true,"href":"https:\/\/atsaero.ma\/atlasuniservices\/wp-json\/wp\/v2\/users\/1"}],"replies":[{"embeddable":true,"href":"https:\/\/atsaero.ma\/atlasuniservices\/wp-json\/wp\/v2\/comments?post=109"}],"version-history":[{"count":78,"href":"https:\/\/atsaero.ma\/atlasuniservices\/wp-json\/wp\/v2\/pages\/109\/revisions"}],"predecessor-version":[{"id":417,"href":"https:\/\/atsaero.ma\/atlasuniservices\/wp-json\/wp\/v2\/pages\/109\/revisions\/417"}],"wp:attachment":[{"href":"https:\/\/atsaero.ma\/atlasuniservices\/wp-json\/wp\/v2\/media?parent=109"}],"curies":[{"name":"wp","href":"https:\/\/api.w.org\/{rel}","templated":true}]}}